{"id":12465,"date":"2025-07-23T11:49:21","date_gmt":"2025-07-23T09:49:21","guid":{"rendered":"https:\/\/ateliersdemenilmontant.org\/?post_type=po&#038;p=12465"},"modified":"2025-09-17T16:09:52","modified_gmt":"2025-09-17T14:09:52","slug":"portes-ouvertes-2025","status":"publish","type":"po","link":"https:\/\/ateliersdemenilmontant.org\/?po=portes-ouvertes-2025","title":{"rendered":"Portes Ouvertes 2025"},"content":{"rendered":"\n\n","protected":false},"excerpt":{"rendered":"","protected":false},"author":75,"featured_media":12469,"template":"","meta":{"advgb_blocks_editor_width":"","advgb_blocks_columns_visual_guide":""},"acf":{"inscription":"<p>\u200b<img class=\"alignnone size-medium wp-image-12469\" src=\"https:\/\/ateliersdemenilmontant.org\/WP\/wp-content\/uploads\/2022\/11\/AdM-PO-Affich-2025-2-X-210x594-OK-212x300.jpg\" alt=\"\" width=\"212\" height=\"300\" \/><\/p>\r\n<p>&nbsp;<\/p>","titrepo":"Les Artistes de M\u00e9nilmontant","laffiche":12469,"les_dates":"<p>du 25 au 28 septembre 2025<\/p>","les_horaires_":"<p>de 14h \u00e0 20h nocturne le jeudi 25 jusqu'\u00e0 21 h<\/p>","acces":"","point_daccueil":"<p>Point d'accueil :<\/p>\r\n<p>M\u00e9nil 8 8 rue Boyer paris 20\u00e8 m\u00e9tro Gambetta<\/p>","point_relais":"<p>Points relais :<\/p>\r\n<p>ESAT 48 rue des Panoyaux Paris 20 m\u00e9tro M\u00e9nilmontant<\/p>\r\n<p>LA MAISON DU 20\u00e8 46 rue Sorbier Paris 20 m\u00e9tro Gambetta<\/p>","couleurpo":"","edito":"","les_affiches":[12531],"liste-participants-1":"","liste-participants-2":"","liste-participants-3":"","liste-participants-4":"","":"","carte":"","programme":"","guide1":"","guide2":""},"featured_img":"https:\/\/ateliersdemenilmontant.org\/WP\/wp-content\/uploads\/2022\/11\/AdM-PO-Affich-2025-2-X-210x594-OK.jpg","coauthors":[],"author_meta":{"author_link":"https:\/\/ateliersdemenilmontant.org\/?author=75","display_name":"Reynald Deroche"},"relative_dates":{"created":"Publi\u00e9 9 mois il y a","modified":"Mis \u00e0 jour 8 mois il y a"},"absolute_dates":{"created":"Publi\u00e9 le 23 juillet 2025","modified":"Mise \u00e0 jour le 17 septembre 2025"},"absolute_dates_time":{"created":"Publi\u00e9 le 23 juillet 2025 11 h 49 min","modified":"Mise \u00e0 jour le 17 septembre 2025 16 h 09 min"},"featured_img_caption":"","tax_additional":[],"series_order":"","_links":{"self":[{"href":"https:\/\/ateliersdemenilmontant.org\/index.php?rest_route=\/wp\/v2\/po\/12465"}],"collection":[{"href":"https:\/\/ateliersdemenilmontant.org\/index.php?rest_route=\/wp\/v2\/po"}],"about":[{"href":"https:\/\/ateliersdemenilmontant.org\/index.php?rest_route=\/wp\/v2\/types\/po"}],"acf:attachment":[{"embeddable":true,"href":"https:\/\/ateliersdemenilmontant.org\/index.php?rest_route=\/wp\/v2\/media\/12531"}],"wp:featuredmedia":[{"embeddable":true,"href":"https:\/\/ateliersdemenilmontant.org\/index.php?rest_route=\/wp\/v2\/media\/12469"}],"wp:attachment":[{"href":"https:\/\/ateliersdemenilmontant.org\/index.php?rest_route=%2Fwp%2Fv2%2Fmedia&parent=12465"}],"curies":[{"name":"wp","href":"https:\/\/api.w.org\/{rel}","templated":true}]}}

Les Artistes de Ménilmontant

<p>de 14h à 20h nocturne le jeudi 25 jusqu'à 21 h</p>

<p>Point d'accueil :</p>
<p>Ménil 8 8 rue Boyer paris 20è métro Gambetta</p>

<p>Points relais :</p>
<p>ESAT 48 rue des Panoyaux Paris 20 métro Ménilmontant</p>
<p>LA MAISON DU 20è 46 rue Sorbier Paris 20 métro Gambetta</p>

Publié 9 mois il y a

Mis à jour 8 mois il y a

Publié le 23 juillet 2025

Mise à jour le 17 septembre 2025

Publié le 23 juillet 2025 11 h 49 min

Mise à jour le 17 septembre 2025 16 h 09 min
