{"id":2772,"date":"2019-03-08T12:12:17","date_gmt":"2019-03-08T11:12:17","guid":{"rendered":"https:\/\/ateliersdemenilmontant.org\/WP\/?page_id=2772"},"modified":"2025-08-15T00:06:42","modified_gmt":"2025-08-14T22:06:42","slug":"menil8","status":"publish","type":"page","link":"https:\/\/ateliersdemenilmontant.org\/?page_id=2772","title":{"rendered":"m\u00e9nil8"},"content":{"rendered":"","protected":false},"excerpt":{"rendered":"","protected":false},"author":1,"featured_media":0,"parent":0,"menu_order":0,"comment_status":"closed","ping_status":"closed","template":"","meta":{"advgb_blocks_editor_width":"","advgb_blocks_columns_visual_guide":"","footnotes":""},"activites":[],"acf":{"relation_location":""},"coauthors":[],"author_meta":{"author_link":"https:\/\/ateliersdemenilmontant.org\/?author=1","display_name":"AdMwp1"},"relative_dates":{"created":"Publi\u00e9 7 ans il y a","modified":"Mis \u00e0 jour 9 mois il y a"},"absolute_dates":{"created":"Publi\u00e9 le 8 mars 2019","modified":"Mise \u00e0 jour le 15 ao\u00fbt 2025"},"absolute_dates_time":{"created":"Publi\u00e9 le 8 mars 2019 12 h 12 min","modified":"Mise \u00e0 jour le 15 ao\u00fbt 2025 0 h 06 min"},"featured_img_caption":"","featured_img":false,"series_order":"","_links":{"self":[{"href":"https:\/\/ateliersdemenilmontant.org\/index.php?rest_route=\/wp\/v2\/pages\/2772"}],"collection":[{"href":"https:\/\/ateliersdemenilmontant.org\/index.php?rest_route=\/wp\/v2\/pages"}],"about":[{"href":"https:\/\/ateliersdemenilmontant.org\/index.php?rest_route=\/wp\/v2\/types\/page"}],"author":[{"embeddable":true,"href":"https:\/\/ateliersdemenilmontant.org\/index.php?rest_route=\/wp\/v2\/users\/1"}],"replies":[{"embeddable":true,"href":"https:\/\/ateliersdemenilmontant.org\/index.php?rest_route=%2Fwp%2Fv2%2Fcomments&post=2772"}],"version-history":[{"count":6,"href":"https:\/\/ateliersdemenilmontant.org\/index.php?rest_route=\/wp\/v2\/pages\/2772\/revisions"}],"predecessor-version":[{"id":12497,"href":"https:\/\/ateliersdemenilmontant.org\/index.php?rest_route=\/wp\/v2\/pages\/2772\/revisions\/12497"}],"wp:attachment":[{"href":"https:\/\/ateliersdemenilmontant.org\/index.php?rest_route=%2Fwp%2Fv2%2Fmedia&parent=2772"}],"wp:term":[{"taxonomy":"activites","embeddable":true,"href":"https:\/\/ateliersdemenilmontant.org\/index.php?rest_route=%2Fwp%2Fv2%2Factivites&post=2772"}],"curies":[{"name":"wp","href":"https:\/\/api.w.org\/{rel}","templated":true}]}}

ménil8

Publié 7 ans il y a

Mis à jour 9 mois il y a

Publié le 8 mars 2019

Mise à jour le 15 août 2025

Publié le 8 mars 2019 12 h 12 min

Mise à jour le 15 août 2025 0 h 06 min
