{"id":9011,"date":"2025-02-24T09:13:03","date_gmt":"2025-02-24T08:13:03","guid":{"rendered":"https:\/\/ateliersdemenilmontant.org\/?post_type=menil8&#038;p=9011"},"modified":"2025-02-24T09:15:32","modified_gmt":"2025-02-24T08:15:32","slug":"couleurs-vitamine","status":"publish","type":"menil8","link":"https:\/\/ateliersdemenilmontant.org\/?menil8=couleurs-vitamine","title":{"rendered":"COULEURS VITAMINE"},"author":180,"featured_media":8965,"template":"","meta":{"advgb_blocks_editor_width":"","advgb_blocks_columns_visual_guide":""},"categories":[],"tags":[],"acf":[],"featured_img":"https:\/\/ateliersdemenilmontant.org\/WP\/wp-content\/uploads\/2022\/11\/Affiche-Couleurs_Vitamines_definitif.jpg","coauthors":[],"author_meta":{"author_link":"https:\/\/ateliersdemenilmontant.org\/?author=180","display_name":"Xecon Uddin"},"relative_dates":{"created":"Publi\u00e9 1 an il y a","modified":"Mis \u00e0 jour 1 an il y a"},"absolute_dates":{"created":"Publi\u00e9 le 24 f\u00e9vrier 2025","modified":"Mise \u00e0 jour le 24 f\u00e9vrier 2025"},"absolute_dates_time":{"created":"Publi\u00e9 le 24 f\u00e9vrier 2025 9 h 13 min","modified":"Mise \u00e0 jour le 24 f\u00e9vrier 2025 9 h 15 min"},"featured_img_caption":"","tax_additional":{"category":{"linked":[],"unlinked":[],"slug":"category","name":"Cat\u00e9gories"},"post_tag":{"linked":[],"unlinked":[],"slug":"post_tag","name":"\u00c9tiquettes"}},"series_order":"","_links":{"self":[{"href":"https:\/\/ateliersdemenilmontant.org\/index.php?rest_route=\/wp\/v2\/menil8\/9011"}],"collection":[{"href":"https:\/\/ateliersdemenilmontant.org\/index.php?rest_route=\/wp\/v2\/menil8"}],"about":[{"href":"https:\/\/ateliersdemenilmontant.org\/index.php?rest_route=\/wp\/v2\/types\/menil8"}],"wp:featuredmedia":[{"embeddable":true,"href":"https:\/\/ateliersdemenilmontant.org\/index.php?rest_route=\/wp\/v2\/media\/8965"}],"wp:attachment":[{"href":"https:\/\/ateliersdemenilmontant.org\/index.php?rest_route=%2Fwp%2Fv2%2Fmedia&parent=9011"}],"wp:term":[{"taxonomy":"category","embeddable":true,"href":"https:\/\/ateliersdemenilmontant.org\/index.php?rest_route=%2Fwp%2Fv2%2Fcategories&post=9011"},{"taxonomy":"post_tag","embeddable":true,"href":"https:\/\/ateliersdemenilmontant.org\/index.php?rest_route=%2Fwp%2Fv2%2Ftags&post=9011"}],"curies":[{"name":"wp","href":"https:\/\/api.w.org\/{rel}","templated":true}]}}

Publié 1 an il y a

Mis à jour 1 an il y a

Publié le 24 février 2025

Mise à jour le 24 février 2025

Publié le 24 février 2025 9 h 13 min

Mise à jour le 24 février 2025 9 h 15 min

Catégories

Étiquettes
