{"id":8182,"date":"2024-12-02T16:06:11","date_gmt":"2024-12-02T15:06:11","guid":{"rendered":"https:\/\/ateliersdemenilmontant.org\/?post_type=menil8&#038;p=8182"},"modified":"2024-12-02T16:07:13","modified_gmt":"2024-12-02T15:07:13","slug":"petits-formats-des-adm","status":"publish","type":"menil8","link":"https:\/\/ateliersdemenilmontant.org\/?menil8=petits-formats-des-adm","title":{"rendered":"Petits formats des ADM"},"author":176,"featured_media":8772,"template":"","meta":{"advgb_blocks_editor_width":"","advgb_blocks_columns_visual_guide":""},"categories":[],"tags":[],"acf":[],"featured_img":"https:\/\/ateliersdemenilmontant.org\/WP\/wp-content\/uploads\/2023\/12\/Flyer-p-formats-definitif.jpg","coauthors":[],"author_meta":{"author_link":"https:\/\/ateliersdemenilmontant.org\/?author=176","display_name":"Louis Tranchinsu"},"relative_dates":{"created":"Publi\u00e9 1 an il y a","modified":"Mis \u00e0 jour 1 an il y a"},"absolute_dates":{"created":"Publi\u00e9 le 2 d\u00e9cembre 2024","modified":"Mise \u00e0 jour le 2 d\u00e9cembre 2024"},"absolute_dates_time":{"created":"Publi\u00e9 le 2 d\u00e9cembre 2024 16 h 06 min","modified":"Mise \u00e0 jour le 2 d\u00e9cembre 2024 16 h 07 min"},"featured_img_caption":"","tax_additional":{"category":{"linked":[],"unlinked":[],"slug":"category","name":"Cat\u00e9gories"},"post_tag":{"linked":[],"unlinked":[],"slug":"post_tag","name":"\u00c9tiquettes"}},"series_order":"","_links":{"self":[{"href":"https:\/\/ateliersdemenilmontant.org\/index.php?rest_route=\/wp\/v2\/menil8\/8182"}],"collection":[{"href":"https:\/\/ateliersdemenilmontant.org\/index.php?rest_route=\/wp\/v2\/menil8"}],"about":[{"href":"https:\/\/ateliersdemenilmontant.org\/index.php?rest_route=\/wp\/v2\/types\/menil8"}],"wp:featuredmedia":[{"embeddable":true,"href":"https:\/\/ateliersdemenilmontant.org\/index.php?rest_route=\/wp\/v2\/media\/8772"}],"wp:attachment":[{"href":"https:\/\/ateliersdemenilmontant.org\/index.php?rest_route=%2Fwp%2Fv2%2Fmedia&parent=8182"}],"wp:term":[{"taxonomy":"category","embeddable":true,"href":"https:\/\/ateliersdemenilmontant.org\/index.php?rest_route=%2Fwp%2Fv2%2Fcategories&post=8182"},{"taxonomy":"post_tag","embeddable":true,"href":"https:\/\/ateliersdemenilmontant.org\/index.php?rest_route=%2Fwp%2Fv2%2Ftags&post=8182"}],"curies":[{"name":"wp","href":"https:\/\/api.w.org\/{rel}","templated":true}]}}

Publié 1 an il y a

Mis à jour 1 an il y a

Publié le 2 décembre 2024

Mise à jour le 2 décembre 2024

Publié le 2 décembre 2024 16 h 06 min

Mise à jour le 2 décembre 2024 16 h 07 min

Catégories

Étiquettes
