{"id":7227,"date":"2022-02-25T14:33:05","date_gmt":"2022-02-25T13:33:05","guid":{"rendered":"https:\/\/ateliersdemenilmontant.org\/?post_type=menil8&#038;p=7227"},"modified":"2022-03-07T20:02:40","modified_gmt":"2022-03-07T19:02:40","slug":"mars-2022","status":"publish","type":"menil8","link":"https:\/\/ateliersdemenilmontant.org\/?menil8=mars-2022","title":{"rendered":"mars 2022"},"author":1,"featured_media":7226,"template":"","meta":{"advgb_blocks_editor_width":"","advgb_blocks_columns_visual_guide":""},"categories":[],"tags":[],"acf":[],"featured_img":"https:\/\/ateliersdemenilmontant.org\/WP\/wp-content\/uploads\/2022\/02\/IMG-5085.jpg","coauthors":[],"author_meta":{"author_link":"https:\/\/ateliersdemenilmontant.org\/?author=1","display_name":"AdMwp1"},"relative_dates":{"created":"Publi\u00e9 4 ans il y a","modified":"Mis \u00e0 jour 4 ans il y a"},"absolute_dates":{"created":"Publi\u00e9 le 25 f\u00e9vrier 2022","modified":"Mise \u00e0 jour le 7 mars 2022"},"absolute_dates_time":{"created":"Publi\u00e9 le 25 f\u00e9vrier 2022 14 h 33 min","modified":"Mise \u00e0 jour le 7 mars 2022 20 h 02 min"},"featured_img_caption":"","tax_additional":{"category":{"linked":[],"unlinked":[],"slug":"category","name":"Cat\u00e9gories"},"post_tag":{"linked":[],"unlinked":[],"slug":"post_tag","name":"\u00c9tiquettes"}},"series_order":"","_links":{"self":[{"href":"https:\/\/ateliersdemenilmontant.org\/index.php?rest_route=\/wp\/v2\/menil8\/7227"}],"collection":[{"href":"https:\/\/ateliersdemenilmontant.org\/index.php?rest_route=\/wp\/v2\/menil8"}],"about":[{"href":"https:\/\/ateliersdemenilmontant.org\/index.php?rest_route=\/wp\/v2\/types\/menil8"}],"wp:featuredmedia":[{"embeddable":true,"href":"https:\/\/ateliersdemenilmontant.org\/index.php?rest_route=\/wp\/v2\/media\/7226"}],"wp:attachment":[{"href":"https:\/\/ateliersdemenilmontant.org\/index.php?rest_route=%2Fwp%2Fv2%2Fmedia&parent=7227"}],"wp:term":[{"taxonomy":"category","embeddable":true,"href":"https:\/\/ateliersdemenilmontant.org\/index.php?rest_route=%2Fwp%2Fv2%2Fcategories&post=7227"},{"taxonomy":"post_tag","embeddable":true,"href":"https:\/\/ateliersdemenilmontant.org\/index.php?rest_route=%2Fwp%2Fv2%2Ftags&post=7227"}],"curies":[{"name":"wp","href":"https:\/\/api.w.org\/{rel}","templated":true}]}}

Publié 4 ans il y a

Mis à jour 4 ans il y a

Publié le 25 février 2022

Mise à jour le 7 mars 2022

Publié le 25 février 2022 14 h 33 min

Mise à jour le 7 mars 2022 20 h 02 min

Catégories

Étiquettes
