{"id":7130,"date":"2021-12-05T11:53:35","date_gmt":"2021-12-05T10:53:35","guid":{"rendered":"https:\/\/ateliersdemenilmontant.org\/?menil8=octobre2021-3-2-2-2"},"modified":"2021-12-06T12:56:20","modified_gmt":"2021-12-06T11:56:20","slug":"octobre2021-3-2-2-2","status":"publish","type":"menil8","link":"https:\/\/ateliersdemenilmontant.org\/?menil8=octobre2021-3-2-2-2","title":{"rendered":"decembre2021-1"},"author":1,"featured_media":7133,"template":"","meta":{"advgb_blocks_editor_width":"","advgb_blocks_columns_visual_guide":""},"categories":[],"tags":[],"acf":[],"featured_img":"https:\/\/ateliersdemenilmontant.org\/WP\/wp-content\/uploads\/2021\/11\/petits-formats-me\u0301nil8-2021-fb-1.jpg","coauthors":[],"author_meta":{"author_link":"https:\/\/ateliersdemenilmontant.org\/?author=1","display_name":"AdMwp1"},"relative_dates":{"created":"Publi\u00e9 4 ans il y a","modified":"Mis \u00e0 jour 4 ans il y a"},"absolute_dates":{"created":"Publi\u00e9 le 5 d\u00e9cembre 2021","modified":"Mise \u00e0 jour le 6 d\u00e9cembre 2021"},"absolute_dates_time":{"created":"Publi\u00e9 le 5 d\u00e9cembre 2021 11 h 53 min","modified":"Mise \u00e0 jour le 6 d\u00e9cembre 2021 12 h 56 min"},"featured_img_caption":"","tax_additional":{"category":{"linked":[],"unlinked":[],"slug":"category","name":"Cat\u00e9gories"},"post_tag":{"linked":[],"unlinked":[],"slug":"post_tag","name":"\u00c9tiquettes"}},"series_order":"","_links":{"self":[{"href":"https:\/\/ateliersdemenilmontant.org\/index.php?rest_route=\/wp\/v2\/menil8\/7130"}],"collection":[{"href":"https:\/\/ateliersdemenilmontant.org\/index.php?rest_route=\/wp\/v2\/menil8"}],"about":[{"href":"https:\/\/ateliersdemenilmontant.org\/index.php?rest_route=\/wp\/v2\/types\/menil8"}],"wp:featuredmedia":[{"embeddable":true,"href":"https:\/\/ateliersdemenilmontant.org\/index.php?rest_route=\/wp\/v2\/media\/7133"}],"wp:attachment":[{"href":"https:\/\/ateliersdemenilmontant.org\/index.php?rest_route=%2Fwp%2Fv2%2Fmedia&parent=7130"}],"wp:term":[{"taxonomy":"category","embeddable":true,"href":"https:\/\/ateliersdemenilmontant.org\/index.php?rest_route=%2Fwp%2Fv2%2Fcategories&post=7130"},{"taxonomy":"post_tag","embeddable":true,"href":"https:\/\/ateliersdemenilmontant.org\/index.php?rest_route=%2Fwp%2Fv2%2Ftags&post=7130"}],"curies":[{"name":"wp","href":"https:\/\/api.w.org\/{rel}","templated":true}]}}

Publié 4 ans il y a

Mis à jour 4 ans il y a

Publié le 5 décembre 2021

Mise à jour le 6 décembre 2021

Publié le 5 décembre 2021 11 h 53 min

Mise à jour le 6 décembre 2021 12 h 56 min

Catégories

Étiquettes
