{"id":7074,"date":"2021-10-14T11:50:14","date_gmt":"2021-10-14T09:50:14","guid":{"rendered":"https:\/\/ateliersdemenilmontant.org\/?menil8=expo-juin-3-3"},"modified":"2021-10-14T10:26:30","modified_gmt":"2021-10-14T08:26:30","slug":"expo-juin-3-3","status":"publish","type":"menil8","link":"https:\/\/ateliersdemenilmontant.org\/?menil8=expo-juin-3-3","title":{"rendered":"2021-octobre-1"},"author":137,"featured_media":7088,"template":"","meta":{"advgb_blocks_editor_width":"","advgb_blocks_columns_visual_guide":""},"categories":[1],"tags":[],"acf":[],"featured_img":"https:\/\/ateliersdemenilmontant.org\/WP\/wp-content\/uploads\/2021\/10\/Expo_LPMA_Boulle-Menil8-flyer-facebook.jpg","coauthors":[],"author_meta":{"author_link":"https:\/\/ateliersdemenilmontant.org\/?author=137","display_name":"Daniel Nassoy"},"relative_dates":{"created":"Publi\u00e9 5 ans il y a","modified":"Mis \u00e0 jour 5 ans il y a"},"absolute_dates":{"created":"Publi\u00e9 le 14 octobre 2021","modified":"Mise \u00e0 jour le 14 octobre 2021"},"absolute_dates_time":{"created":"Publi\u00e9 le 14 octobre 2021 11 h 50 min","modified":"Mise \u00e0 jour le 14 octobre 2021 10 h 26 min"},"featured_img_caption":"","tax_additional":{"category":{"linked":["<a href=\"https:\/\/ateliersdemenilmontant.org\/?cat=1\" class=\"advgb-post-tax-term\">Non class\u00e9<\/a>"],"unlinked":["<span class=\"advgb-post-tax-term\">Non class\u00e9<\/span>"],"slug":"category","name":"Cat\u00e9gories"},"post_tag":{"linked":[],"unlinked":[],"slug":"post_tag","name":"\u00c9tiquettes"}},"series_order":"","_links":{"self":[{"href":"https:\/\/ateliersdemenilmontant.org\/index.php?rest_route=\/wp\/v2\/menil8\/7074"}],"collection":[{"href":"https:\/\/ateliersdemenilmontant.org\/index.php?rest_route=\/wp\/v2\/menil8"}],"about":[{"href":"https:\/\/ateliersdemenilmontant.org\/index.php?rest_route=\/wp\/v2\/types\/menil8"}],"wp:featuredmedia":[{"embeddable":true,"href":"https:\/\/ateliersdemenilmontant.org\/index.php?rest_route=\/wp\/v2\/media\/7088"}],"wp:attachment":[{"href":"https:\/\/ateliersdemenilmontant.org\/index.php?rest_route=%2Fwp%2Fv2%2Fmedia&parent=7074"}],"wp:term":[{"taxonomy":"category","embeddable":true,"href":"https:\/\/ateliersdemenilmontant.org\/index.php?rest_route=%2Fwp%2Fv2%2Fcategories&post=7074"},{"taxonomy":"post_tag","embeddable":true,"href":"https:\/\/ateliersdemenilmontant.org\/index.php?rest_route=%2Fwp%2Fv2%2Ftags&post=7074"}],"curies":[{"name":"wp","href":"https:\/\/api.w.org\/{rel}","templated":true}]}}

Publié 5 ans il y a

Mis à jour 5 ans il y a

Publié le 14 octobre 2021

Mise à jour le 14 octobre 2021

Publié le 14 octobre 2021 11 h 50 min

Mise à jour le 14 octobre 2021 10 h 26 min

<a href="https://ateliersdemenilmontant.org/?cat=1" class="advgb-post-tax-term">Non classé</a>

<span class="advgb-post-tax-term">Non classé</span>

Catégories

Étiquettes
