{"id":6787,"date":"2018-10-03T15:21:18","date_gmt":"2018-10-03T13:21:18","guid":{"rendered":"https:\/\/ateliersdemenilmontant.org\/?post_type=menil8&#038;p=6787"},"modified":"2021-08-03T15:28:16","modified_gmt":"2021-08-03T13:28:16","slug":"2018-octobre","status":"publish","type":"menil8","link":"https:\/\/ateliersdemenilmontant.org\/?menil8=2018-octobre","title":{"rendered":"2018-octobre"},"author":122,"featured_media":6788,"template":"","meta":{"advgb_blocks_editor_width":"","advgb_blocks_columns_visual_guide":""},"categories":[],"tags":[],"acf":[],"featured_img":"https:\/\/ateliersdemenilmontant.org\/WP\/wp-content\/uploads\/2021\/08\/AFFICHEmlleYo.jpeg","coauthors":[],"author_meta":{"author_link":"https:\/\/ateliersdemenilmontant.org\/?author=122","display_name":"Maite Leon"},"relative_dates":{"created":"Publi\u00e9 8 ans il y a","modified":"Mis \u00e0 jour 5 ans il y a"},"absolute_dates":{"created":"Publi\u00e9 le 3 octobre 2018","modified":"Mise \u00e0 jour le 3 ao\u00fbt 2021"},"absolute_dates_time":{"created":"Publi\u00e9 le 3 octobre 2018 15 h 21 min","modified":"Mise \u00e0 jour le 3 ao\u00fbt 2021 15 h 28 min"},"featured_img_caption":"","tax_additional":{"category":{"linked":[],"unlinked":[],"slug":"category","name":"Cat\u00e9gories"},"post_tag":{"linked":[],"unlinked":[],"slug":"post_tag","name":"\u00c9tiquettes"}},"series_order":"","_links":{"self":[{"href":"https:\/\/ateliersdemenilmontant.org\/index.php?rest_route=\/wp\/v2\/menil8\/6787"}],"collection":[{"href":"https:\/\/ateliersdemenilmontant.org\/index.php?rest_route=\/wp\/v2\/menil8"}],"about":[{"href":"https:\/\/ateliersdemenilmontant.org\/index.php?rest_route=\/wp\/v2\/types\/menil8"}],"wp:featuredmedia":[{"embeddable":true,"href":"https:\/\/ateliersdemenilmontant.org\/index.php?rest_route=\/wp\/v2\/media\/6788"}],"wp:attachment":[{"href":"https:\/\/ateliersdemenilmontant.org\/index.php?rest_route=%2Fwp%2Fv2%2Fmedia&parent=6787"}],"wp:term":[{"taxonomy":"category","embeddable":true,"href":"https:\/\/ateliersdemenilmontant.org\/index.php?rest_route=%2Fwp%2Fv2%2Fcategories&post=6787"},{"taxonomy":"post_tag","embeddable":true,"href":"https:\/\/ateliersdemenilmontant.org\/index.php?rest_route=%2Fwp%2Fv2%2Ftags&post=6787"}],"curies":[{"name":"wp","href":"https:\/\/api.w.org\/{rel}","templated":true}]}}

Publié 8 ans il y a

Mis à jour 5 ans il y a

Publié le 3 octobre 2018

Mise à jour le 3 août 2021

Publié le 3 octobre 2018 15 h 21 min

Mise à jour le 3 août 2021 15 h 28 min

Catégories

Étiquettes
