{"id":5663,"date":"2020-03-04T10:43:48","date_gmt":"2020-03-04T09:43:48","guid":{"rendered":"https:\/\/ateliersdemenilmontant.org\/?post_type=menil8&#038;p=5663"},"modified":"2020-07-07T18:51:35","modified_gmt":"2020-07-07T16:51:35","slug":"mars-2020-2","status":"publish","type":"menil8","link":"https:\/\/ateliersdemenilmontant.org\/?menil8=mars-2020-2","title":{"rendered":"mars-2020-2"},"author":1,"featured_media":5721,"template":"","meta":{"advgb_blocks_editor_width":"","advgb_blocks_columns_visual_guide":""},"categories":[],"tags":[],"acf":[],"featured_img":"https:\/\/ateliersdemenilmontant.org\/WP\/wp-content\/uploads\/2020\/05\/juin2020-1.jpg","coauthors":[],"author_meta":{"author_link":"https:\/\/ateliersdemenilmontant.org\/?author=1","display_name":"AdMwp1"},"relative_dates":{"created":"Publi\u00e9 6 ans il y a","modified":"Mis \u00e0 jour 6 ans il y a"},"absolute_dates":{"created":"Publi\u00e9 le 4 mars 2020","modified":"Mise \u00e0 jour le 7 juillet 2020"},"absolute_dates_time":{"created":"Publi\u00e9 le 4 mars 2020 10 h 43 min","modified":"Mise \u00e0 jour le 7 juillet 2020 18 h 51 min"},"featured_img_caption":"","tax_additional":{"category":{"linked":[],"unlinked":[],"slug":"category","name":"Cat\u00e9gories"},"post_tag":{"linked":[],"unlinked":[],"slug":"post_tag","name":"\u00c9tiquettes"}},"series_order":"","_links":{"self":[{"href":"https:\/\/ateliersdemenilmontant.org\/index.php?rest_route=\/wp\/v2\/menil8\/5663"}],"collection":[{"href":"https:\/\/ateliersdemenilmontant.org\/index.php?rest_route=\/wp\/v2\/menil8"}],"about":[{"href":"https:\/\/ateliersdemenilmontant.org\/index.php?rest_route=\/wp\/v2\/types\/menil8"}],"wp:featuredmedia":[{"embeddable":true,"href":"https:\/\/ateliersdemenilmontant.org\/index.php?rest_route=\/wp\/v2\/media\/5721"}],"wp:attachment":[{"href":"https:\/\/ateliersdemenilmontant.org\/index.php?rest_route=%2Fwp%2Fv2%2Fmedia&parent=5663"}],"wp:term":[{"taxonomy":"category","embeddable":true,"href":"https:\/\/ateliersdemenilmontant.org\/index.php?rest_route=%2Fwp%2Fv2%2Fcategories&post=5663"},{"taxonomy":"post_tag","embeddable":true,"href":"https:\/\/ateliersdemenilmontant.org\/index.php?rest_route=%2Fwp%2Fv2%2Ftags&post=5663"}],"curies":[{"name":"wp","href":"https:\/\/api.w.org\/{rel}","templated":true}]}}

Publié 6 ans il y a

Mis à jour 6 ans il y a

Publié le 4 mars 2020

Mise à jour le 7 juillet 2020

Publié le 4 mars 2020 10 h 43 min

Mise à jour le 7 juillet 2020 18 h 51 min

Catégories

Étiquettes
