{"id":5614,"date":"2020-01-20T16:11:47","date_gmt":"2020-01-20T15:11:47","guid":{"rendered":"https:\/\/ateliersdemenilmontant.org\/?post_type=menil8&#038;p=5614"},"modified":"2020-01-17T16:11:56","modified_gmt":"2020-01-17T15:11:56","slug":"janvier-2020-1","status":"publish","type":"menil8","link":"https:\/\/ateliersdemenilmontant.org\/?menil8=janvier-2020-1","title":{"rendered":"janvier 2020-3"},"author":1,"featured_media":5612,"template":"","meta":{"advgb_blocks_editor_width":"","advgb_blocks_columns_visual_guide":""},"categories":[],"tags":[],"acf":[],"featured_img":"https:\/\/ateliersdemenilmontant.org\/WP\/wp-content\/uploads\/2020\/01\/Transcendance-Invitations-Card-2.jpg","coauthors":[],"author_meta":{"author_link":"https:\/\/ateliersdemenilmontant.org\/?author=1","display_name":"AdMwp1"},"relative_dates":{"created":"Publi\u00e9 6 ans il y a","modified":"Mis \u00e0 jour 6 ans il y a"},"absolute_dates":{"created":"Publi\u00e9 le 20 janvier 2020","modified":"Mise \u00e0 jour le 17 janvier 2020"},"absolute_dates_time":{"created":"Publi\u00e9 le 20 janvier 2020 16 h 11 min","modified":"Mise \u00e0 jour le 17 janvier 2020 16 h 11 min"},"featured_img_caption":"","tax_additional":{"category":{"linked":[],"unlinked":[],"slug":"category","name":"Cat\u00e9gories"},"post_tag":{"linked":[],"unlinked":[],"slug":"post_tag","name":"\u00c9tiquettes"}},"series_order":"","_links":{"self":[{"href":"https:\/\/ateliersdemenilmontant.org\/index.php?rest_route=\/wp\/v2\/menil8\/5614"}],"collection":[{"href":"https:\/\/ateliersdemenilmontant.org\/index.php?rest_route=\/wp\/v2\/menil8"}],"about":[{"href":"https:\/\/ateliersdemenilmontant.org\/index.php?rest_route=\/wp\/v2\/types\/menil8"}],"wp:featuredmedia":[{"embeddable":true,"href":"https:\/\/ateliersdemenilmontant.org\/index.php?rest_route=\/wp\/v2\/media\/5612"}],"wp:attachment":[{"href":"https:\/\/ateliersdemenilmontant.org\/index.php?rest_route=%2Fwp%2Fv2%2Fmedia&parent=5614"}],"wp:term":[{"taxonomy":"category","embeddable":true,"href":"https:\/\/ateliersdemenilmontant.org\/index.php?rest_route=%2Fwp%2Fv2%2Fcategories&post=5614"},{"taxonomy":"post_tag","embeddable":true,"href":"https:\/\/ateliersdemenilmontant.org\/index.php?rest_route=%2Fwp%2Fv2%2Ftags&post=5614"}],"curies":[{"name":"wp","href":"https:\/\/api.w.org\/{rel}","templated":true}]}}

Publié 6 ans il y a

Mis à jour 6 ans il y a

Publié le 20 janvier 2020

Mise à jour le 17 janvier 2020

Publié le 20 janvier 2020 16 h 11 min

Mise à jour le 17 janvier 2020 16 h 11 min

Catégories

Étiquettes
