{"id":3651,"date":"2019-08-26T10:20:25","date_gmt":"2019-08-26T08:20:25","guid":{"rendered":"https:\/\/ateliersdemenilmontant.org\/WP\/?post_type=menil8&#038;p=3651"},"modified":"2019-09-20T19:24:25","modified_gmt":"2019-09-20T17:24:25","slug":"septembre-2019-2","status":"publish","type":"menil8","link":"https:\/\/ateliersdemenilmontant.org\/?menil8=septembre-2019-2","title":{"rendered":"septembre 2019-2"},"author":1,"featured_media":4889,"template":"","meta":{"advgb_blocks_editor_width":"","advgb_blocks_columns_visual_guide":""},"categories":[1],"tags":[],"acf":[],"featured_img":"https:\/\/ateliersdemenilmontant.org\/WP\/wp-content\/uploads\/2019\/08\/2019_guy-denise-e1568998445397-1.jpg","coauthors":[],"author_meta":{"author_link":"https:\/\/ateliersdemenilmontant.org\/?author=1","display_name":"AdMwp1"},"relative_dates":{"created":"Publi\u00e9 7 ans il y a","modified":"Mis \u00e0 jour 7 ans il y a"},"absolute_dates":{"created":"Publi\u00e9 le 26 ao\u00fbt 2019","modified":"Mise \u00e0 jour le 20 septembre 2019"},"absolute_dates_time":{"created":"Publi\u00e9 le 26 ao\u00fbt 2019 10 h 20 min","modified":"Mise \u00e0 jour le 20 septembre 2019 19 h 24 min"},"featured_img_caption":"","tax_additional":{"category":{"linked":["<a href=\"https:\/\/ateliersdemenilmontant.org\/?cat=1\" class=\"advgb-post-tax-term\">Non class\u00e9<\/a>"],"unlinked":["<span class=\"advgb-post-tax-term\">Non class\u00e9<\/span>"],"slug":"category","name":"Cat\u00e9gories"},"post_tag":{"linked":[],"unlinked":[],"slug":"post_tag","name":"\u00c9tiquettes"}},"series_order":"","_links":{"self":[{"href":"https:\/\/ateliersdemenilmontant.org\/index.php?rest_route=\/wp\/v2\/menil8\/3651"}],"collection":[{"href":"https:\/\/ateliersdemenilmontant.org\/index.php?rest_route=\/wp\/v2\/menil8"}],"about":[{"href":"https:\/\/ateliersdemenilmontant.org\/index.php?rest_route=\/wp\/v2\/types\/menil8"}],"wp:featuredmedia":[{"embeddable":true,"href":"https:\/\/ateliersdemenilmontant.org\/index.php?rest_route=\/wp\/v2\/media\/4889"}],"wp:attachment":[{"href":"https:\/\/ateliersdemenilmontant.org\/index.php?rest_route=%2Fwp%2Fv2%2Fmedia&parent=3651"}],"wp:term":[{"taxonomy":"category","embeddable":true,"href":"https:\/\/ateliersdemenilmontant.org\/index.php?rest_route=%2Fwp%2Fv2%2Fcategories&post=3651"},{"taxonomy":"post_tag","embeddable":true,"href":"https:\/\/ateliersdemenilmontant.org\/index.php?rest_route=%2Fwp%2Fv2%2Ftags&post=3651"}],"curies":[{"name":"wp","href":"https:\/\/api.w.org\/{rel}","templated":true}]}}

Publié 7 ans il y a

Mis à jour 7 ans il y a

Publié le 26 août 2019

Mise à jour le 20 septembre 2019

Publié le 26 août 2019 10 h 20 min

Mise à jour le 20 septembre 2019 19 h 24 min

<a href="https://ateliersdemenilmontant.org/?cat=1" class="advgb-post-tax-term">Non classé</a>

<span class="advgb-post-tax-term">Non classé</span>

Catégories

Étiquettes
