{"id":2780,"date":"2019-01-08T16:12:35","date_gmt":"2019-01-08T15:12:35","guid":{"rendered":"https:\/\/ateliersdemenilmontant.org\/WP\/?post_type=menil8&#038;p=2780"},"modified":"2019-03-19T16:23:55","modified_gmt":"2019-03-19T15:23:55","slug":"janvier-2019","status":"publish","type":"menil8","link":"https:\/\/ateliersdemenilmontant.org\/?menil8=janvier-2019","title":{"rendered":"Janvier 2019"},"author":1,"featured_media":2781,"template":"","meta":{"advgb_blocks_editor_width":"","advgb_blocks_columns_visual_guide":""},"categories":[],"tags":[],"acf":[],"featured_img":"https:\/\/ateliersdemenilmontant.org\/WP\/wp-content\/uploads\/2019\/03\/19_bertran.jpg","coauthors":[],"author_meta":{"author_link":"https:\/\/ateliersdemenilmontant.org\/?author=1","display_name":"AdMwp1"},"relative_dates":{"created":"Publi\u00e9 7 ans il y a","modified":"Mis \u00e0 jour 7 ans il y a"},"absolute_dates":{"created":"Publi\u00e9 le 8 janvier 2019","modified":"Mise \u00e0 jour le 19 mars 2019"},"absolute_dates_time":{"created":"Publi\u00e9 le 8 janvier 2019 16 h 12 min","modified":"Mise \u00e0 jour le 19 mars 2019 16 h 23 min"},"featured_img_caption":"","tax_additional":{"category":{"linked":[],"unlinked":[],"slug":"category","name":"Cat\u00e9gories"},"post_tag":{"linked":[],"unlinked":[],"slug":"post_tag","name":"\u00c9tiquettes"}},"series_order":"","_links":{"self":[{"href":"https:\/\/ateliersdemenilmontant.org\/index.php?rest_route=\/wp\/v2\/menil8\/2780"}],"collection":[{"href":"https:\/\/ateliersdemenilmontant.org\/index.php?rest_route=\/wp\/v2\/menil8"}],"about":[{"href":"https:\/\/ateliersdemenilmontant.org\/index.php?rest_route=\/wp\/v2\/types\/menil8"}],"wp:featuredmedia":[{"embeddable":true,"href":"https:\/\/ateliersdemenilmontant.org\/index.php?rest_route=\/wp\/v2\/media\/2781"}],"wp:attachment":[{"href":"https:\/\/ateliersdemenilmontant.org\/index.php?rest_route=%2Fwp%2Fv2%2Fmedia&parent=2780"}],"wp:term":[{"taxonomy":"category","embeddable":true,"href":"https:\/\/ateliersdemenilmontant.org\/index.php?rest_route=%2Fwp%2Fv2%2Fcategories&post=2780"},{"taxonomy":"post_tag","embeddable":true,"href":"https:\/\/ateliersdemenilmontant.org\/index.php?rest_route=%2Fwp%2Fv2%2Ftags&post=2780"}],"curies":[{"name":"wp","href":"https:\/\/api.w.org\/{rel}","templated":true}]}}

Publié 7 ans il y a

Mis à jour 7 ans il y a

Publié le 8 janvier 2019

Mise à jour le 19 mars 2019

Publié le 8 janvier 2019 16 h 12 min

Mise à jour le 19 mars 2019 16 h 23 min

Catégories

Étiquettes
