{"id":12635,"date":"2026-01-05T11:17:26","date_gmt":"2026-01-05T10:17:26","guid":{"rendered":"https:\/\/ateliersdemenilmontant.org\/?post_type=menil8&#038;p=12635"},"modified":"2026-01-05T11:18:53","modified_gmt":"2026-01-05T10:18:53","slug":"12635","status":"publish","type":"menil8","link":"https:\/\/ateliersdemenilmontant.org\/?menil8=12635","title":{"rendered":"La Seine"},"author":176,"featured_media":12611,"template":"","meta":{"advgb_blocks_editor_width":"","advgb_blocks_columns_visual_guide":""},"categories":[],"tags":[],"acf":[],"featured_img":"https:\/\/ateliersdemenilmontant.org\/WP\/wp-content\/uploads\/2025\/12\/FB_IMG_1765295479757.jpg","coauthors":[],"author_meta":{"author_link":"https:\/\/ateliersdemenilmontant.org\/?author=176","display_name":"Louis Tranchinsu"},"relative_dates":{"created":"Publi\u00e9 4 mois il y a","modified":"Mis \u00e0 jour 4 mois il y a"},"absolute_dates":{"created":"Publi\u00e9 le 5 janvier 2026","modified":"Mise \u00e0 jour le 5 janvier 2026"},"absolute_dates_time":{"created":"Publi\u00e9 le 5 janvier 2026 11 h 17 min","modified":"Mise \u00e0 jour le 5 janvier 2026 11 h 18 min"},"featured_img_caption":"","tax_additional":{"category":{"linked":[],"unlinked":[],"slug":"category","name":"Cat\u00e9gories"},"post_tag":{"linked":[],"unlinked":[],"slug":"post_tag","name":"\u00c9tiquettes"}},"series_order":"","_links":{"self":[{"href":"https:\/\/ateliersdemenilmontant.org\/index.php?rest_route=\/wp\/v2\/menil8\/12635"}],"collection":[{"href":"https:\/\/ateliersdemenilmontant.org\/index.php?rest_route=\/wp\/v2\/menil8"}],"about":[{"href":"https:\/\/ateliersdemenilmontant.org\/index.php?rest_route=\/wp\/v2\/types\/menil8"}],"wp:featuredmedia":[{"embeddable":true,"href":"https:\/\/ateliersdemenilmontant.org\/index.php?rest_route=\/wp\/v2\/media\/12611"}],"wp:attachment":[{"href":"https:\/\/ateliersdemenilmontant.org\/index.php?rest_route=%2Fwp%2Fv2%2Fmedia&parent=12635"}],"wp:term":[{"taxonomy":"category","embeddable":true,"href":"https:\/\/ateliersdemenilmontant.org\/index.php?rest_route=%2Fwp%2Fv2%2Fcategories&post=12635"},{"taxonomy":"post_tag","embeddable":true,"href":"https:\/\/ateliersdemenilmontant.org\/index.php?rest_route=%2Fwp%2Fv2%2Ftags&post=12635"}],"curies":[{"name":"wp","href":"https:\/\/api.w.org\/{rel}","templated":true}]}}

Publié 4 mois il y a

Mis à jour 4 mois il y a

Publié le 5 janvier 2026

Mise à jour le 5 janvier 2026

Publié le 5 janvier 2026 11 h 17 min

Mise à jour le 5 janvier 2026 11 h 18 min

Catégories

Étiquettes
