{"id":12554,"date":"2025-10-02T22:20:57","date_gmt":"2025-10-02T20:20:57","guid":{"rendered":"https:\/\/ateliersdemenilmontant.org\/?post_type=menil8&#038;p=12554"},"modified":"2025-10-02T22:21:07","modified_gmt":"2025-10-02T20:21:07","slug":"12554","status":"publish","type":"menil8","link":"https:\/\/ateliersdemenilmontant.org\/?menil8=12554","title":{"rendered":""},"author":75,"featured_media":12552,"template":"","meta":{"advgb_blocks_editor_width":"","advgb_blocks_columns_visual_guide":""},"categories":[],"tags":[],"acf":[],"featured_img":"https:\/\/ateliersdemenilmontant.org\/WP\/wp-content\/uploads\/2022\/11\/loufoque-2.jpg","coauthors":[],"author_meta":{"author_link":"https:\/\/ateliersdemenilmontant.org\/?author=75","display_name":"Reynald Deroche"},"relative_dates":{"created":"Publi\u00e9 7 mois il y a","modified":"Mis \u00e0 jour 7 mois il y a"},"absolute_dates":{"created":"Publi\u00e9 le 2 octobre 2025","modified":"Mise \u00e0 jour le 2 octobre 2025"},"absolute_dates_time":{"created":"Publi\u00e9 le 2 octobre 2025 22 h 20 min","modified":"Mise \u00e0 jour le 2 octobre 2025 22 h 21 min"},"featured_img_caption":"","tax_additional":{"category":{"linked":[],"unlinked":[],"slug":"category","name":"Cat\u00e9gories"},"post_tag":{"linked":[],"unlinked":[],"slug":"post_tag","name":"\u00c9tiquettes"}},"series_order":"","_links":{"self":[{"href":"https:\/\/ateliersdemenilmontant.org\/index.php?rest_route=\/wp\/v2\/menil8\/12554"}],"collection":[{"href":"https:\/\/ateliersdemenilmontant.org\/index.php?rest_route=\/wp\/v2\/menil8"}],"about":[{"href":"https:\/\/ateliersdemenilmontant.org\/index.php?rest_route=\/wp\/v2\/types\/menil8"}],"wp:featuredmedia":[{"embeddable":true,"href":"https:\/\/ateliersdemenilmontant.org\/index.php?rest_route=\/wp\/v2\/media\/12552"}],"wp:attachment":[{"href":"https:\/\/ateliersdemenilmontant.org\/index.php?rest_route=%2Fwp%2Fv2%2Fmedia&parent=12554"}],"wp:term":[{"taxonomy":"category","embeddable":true,"href":"https:\/\/ateliersdemenilmontant.org\/index.php?rest_route=%2Fwp%2Fv2%2Fcategories&post=12554"},{"taxonomy":"post_tag","embeddable":true,"href":"https:\/\/ateliersdemenilmontant.org\/index.php?rest_route=%2Fwp%2Fv2%2Ftags&post=12554"}],"curies":[{"name":"wp","href":"https:\/\/api.w.org\/{rel}","templated":true}]}}

Publié 7 mois il y a

Mis à jour 7 mois il y a

Publié le 2 octobre 2025

Mise à jour le 2 octobre 2025

Publié le 2 octobre 2025 22 h 20 min

Mise à jour le 2 octobre 2025 22 h 21 min

Catégories

Étiquettes
