{"id":12451,"date":"2025-07-01T16:17:09","date_gmt":"2025-07-01T14:17:09","guid":{"rendered":"https:\/\/ateliersdemenilmontant.org\/?post_type=menil8&#038;p=12451"},"modified":"2025-07-01T16:17:09","modified_gmt":"2025-07-01T14:17:09","slug":"12451","status":"publish","type":"menil8","link":"https:\/\/ateliersdemenilmontant.org\/?menil8=12451","title":{"rendered":""},"author":176,"featured_media":12423,"template":"","meta":{"advgb_blocks_editor_width":"","advgb_blocks_columns_visual_guide":""},"categories":[],"tags":[],"acf":[],"featured_img":"https:\/\/ateliersdemenilmontant.org\/WP\/wp-content\/uploads\/2025\/06\/Capture-decran-2025-05-22-a-13.17.17-1.png","coauthors":[],"author_meta":{"author_link":"https:\/\/ateliersdemenilmontant.org\/?author=176","display_name":"Louis Tranchinsu"},"relative_dates":{"created":"Publi\u00e9 10 mois il y a","modified":"Mis \u00e0 jour 10 mois il y a"},"absolute_dates":{"created":"Publi\u00e9 le 1 juillet 2025","modified":"Mise \u00e0 jour le 1 juillet 2025"},"absolute_dates_time":{"created":"Publi\u00e9 le 1 juillet 2025 16 h 17 min","modified":"Mise \u00e0 jour le 1 juillet 2025 16 h 17 min"},"featured_img_caption":"","tax_additional":{"category":{"linked":[],"unlinked":[],"slug":"category","name":"Cat\u00e9gories"},"post_tag":{"linked":[],"unlinked":[],"slug":"post_tag","name":"\u00c9tiquettes"}},"series_order":"","_links":{"self":[{"href":"https:\/\/ateliersdemenilmontant.org\/index.php?rest_route=\/wp\/v2\/menil8\/12451"}],"collection":[{"href":"https:\/\/ateliersdemenilmontant.org\/index.php?rest_route=\/wp\/v2\/menil8"}],"about":[{"href":"https:\/\/ateliersdemenilmontant.org\/index.php?rest_route=\/wp\/v2\/types\/menil8"}],"wp:featuredmedia":[{"embeddable":true,"href":"https:\/\/ateliersdemenilmontant.org\/index.php?rest_route=\/wp\/v2\/media\/12423"}],"wp:attachment":[{"href":"https:\/\/ateliersdemenilmontant.org\/index.php?rest_route=%2Fwp%2Fv2%2Fmedia&parent=12451"}],"wp:term":[{"taxonomy":"category","embeddable":true,"href":"https:\/\/ateliersdemenilmontant.org\/index.php?rest_route=%2Fwp%2Fv2%2Fcategories&post=12451"},{"taxonomy":"post_tag","embeddable":true,"href":"https:\/\/ateliersdemenilmontant.org\/index.php?rest_route=%2Fwp%2Fv2%2Ftags&post=12451"}],"curies":[{"name":"wp","href":"https:\/\/api.w.org\/{rel}","templated":true}]}}

Publié 10 mois il y a

Mis à jour 10 mois il y a

Publié le 1 juillet 2025

Mise à jour le 1 juillet 2025

Publié le 1 juillet 2025 16 h 17 min

Mise à jour le 1 juillet 2025 16 h 17 min

Catégories

Étiquettes
