{"id":12424,"date":"2025-06-16T02:19:39","date_gmt":"2025-06-16T00:19:39","guid":{"rendered":"https:\/\/ateliersdemenilmontant.org\/?post_type=menil8&#038;p=12424"},"modified":"2025-06-16T02:19:39","modified_gmt":"2025-06-16T00:19:39","slug":"vide-ateliers","status":"publish","type":"menil8","link":"https:\/\/ateliersdemenilmontant.org\/?menil8=vide-ateliers","title":{"rendered":"Vide Ateliers"},"author":176,"featured_media":12425,"template":"","meta":{"advgb_blocks_editor_width":"","advgb_blocks_columns_visual_guide":""},"categories":[],"tags":[],"acf":[],"featured_img":"https:\/\/ateliersdemenilmontant.org\/WP\/wp-content\/uploads\/2025\/06\/1747052407276-057436f6-25c6-440d-92bc-9399099c55a4_1-3.jpeg","coauthors":[],"author_meta":{"author_link":"https:\/\/ateliersdemenilmontant.org\/?author=176","display_name":"Louis Tranchinsu"},"relative_dates":{"created":"Publi\u00e9 11 mois il y a","modified":"Mis \u00e0 jour 11 mois il y a"},"absolute_dates":{"created":"Publi\u00e9 le 16 juin 2025","modified":"Mise \u00e0 jour le 16 juin 2025"},"absolute_dates_time":{"created":"Publi\u00e9 le 16 juin 2025 2 h 19 min","modified":"Mise \u00e0 jour le 16 juin 2025 2 h 19 min"},"featured_img_caption":"","tax_additional":{"category":{"linked":[],"unlinked":[],"slug":"category","name":"Cat\u00e9gories"},"post_tag":{"linked":[],"unlinked":[],"slug":"post_tag","name":"\u00c9tiquettes"}},"series_order":"","_links":{"self":[{"href":"https:\/\/ateliersdemenilmontant.org\/index.php?rest_route=\/wp\/v2\/menil8\/12424"}],"collection":[{"href":"https:\/\/ateliersdemenilmontant.org\/index.php?rest_route=\/wp\/v2\/menil8"}],"about":[{"href":"https:\/\/ateliersdemenilmontant.org\/index.php?rest_route=\/wp\/v2\/types\/menil8"}],"wp:featuredmedia":[{"embeddable":true,"href":"https:\/\/ateliersdemenilmontant.org\/index.php?rest_route=\/wp\/v2\/media\/12425"}],"wp:attachment":[{"href":"https:\/\/ateliersdemenilmontant.org\/index.php?rest_route=%2Fwp%2Fv2%2Fmedia&parent=12424"}],"wp:term":[{"taxonomy":"category","embeddable":true,"href":"https:\/\/ateliersdemenilmontant.org\/index.php?rest_route=%2Fwp%2Fv2%2Fcategories&post=12424"},{"taxonomy":"post_tag","embeddable":true,"href":"https:\/\/ateliersdemenilmontant.org\/index.php?rest_route=%2Fwp%2Fv2%2Ftags&post=12424"}],"curies":[{"name":"wp","href":"https:\/\/api.w.org\/{rel}","templated":true}]}}

Publié 11 mois il y a

Mis à jour 11 mois il y a

Publié le 16 juin 2025

Mise à jour le 16 juin 2025

Publié le 16 juin 2025 2 h 19 min

Mise à jour le 16 juin 2025 2 h 19 min

Catégories

Étiquettes
