{"id":9105,"date":"2025-03-15T13:15:34","date_gmt":"2025-03-15T12:15:34","guid":{"rendered":"https:\/\/ateliersdemenilmontant.org\/?post_type=artiste&#038;p=9105"},"modified":"2025-03-15T13:49:36","modified_gmt":"2025-03-15T12:49:36","slug":"x-tin","status":"publish","type":"artiste","link":"https:\/\/ateliersdemenilmontant.org\/?artiste=x-tin","title":{"rendered":"X.TiN"},"content":{"rendered":"\n<figure class=\"wp-block-gallery has-nested-images columns-default is-cropped wp-block-gallery-1 is-layout-flex wp-block-gallery-is-layout-flex\">\n<figure class=\"wp-block-image size-full\"><img decoding=\"async\" loading=\"lazy\" width=\"500\" height=\"500\" data-id=\"9106\" src=\"https:\/\/ateliersdemenilmontant.org\/WP\/wp-content\/uploads\/2025\/03\/photo_xtin_sorciere.jpg\" alt=\"\" class=\"wp-image-9106\" srcset=\"https:\/\/ateliersdemenilmontant.org\/WP\/wp-content\/uploads\/2025\/03\/photo_xtin_sorciere.jpg 500w, https:\/\/ateliersdemenilmontant.org\/WP\/wp-content\/uploads\/2025\/03\/photo_xtin_sorciere-300x300.jpg 300w, https:\/\/ateliersdemenilmontant.org\/WP\/wp-content\/uploads\/2025\/03\/photo_xtin_sorciere-150x150.jpg 150w\" sizes=\"(max-width: 500px) 100vw, 500px\" \/><\/figure>\n<\/figure>\n\n\n\n<h2 class=\"wp-block-heading\"><\/h2>\n","protected":false},"excerpt":{"rendered":"","protected":false},"author":277,"featured_media":9116,"parent":0,"template":"","meta":{"advgb_blocks_editor_width":"","advgb_blocks_columns_visual_guide":""},"activites":[631,542,552,479],"acf":[],"featured_img":"https:\/\/ateliersdemenilmontant.org\/WP\/wp-content\/uploads\/2025\/03\/famille_2014.09_xtin.jpg","coauthors":[],"author_meta":{"author_link":"https:\/\/ateliersdemenilmontant.org\/?author=277","display_name":"X.TiN"},"relative_dates":{"created":"Publi\u00e9 1 an il y a","modified":"Mis \u00e0 jour 1 an il y a"},"absolute_dates":{"created":"Publi\u00e9 le 15 mars 2025","modified":"Mise \u00e0 jour le 15 mars 2025"},"absolute_dates_time":{"created":"Publi\u00e9 le 15 mars 2025 13 h 15 min","modified":"Mise \u00e0 jour le 15 mars 2025 13 h 49 min"},"featured_img_caption":"enfance: papa, maman, le chat et moi","tax_additional":{"activites":{"linked":["<a href=\"https:\/\/ateliersdemenilmontant.org\/?activites=artiste-peintre\" class=\"advgb-post-tax-term\">artiste peintre<\/a>","<a href=\"https:\/\/ateliersdemenilmontant.org\/?activites=collage\" class=\"advgb-post-tax-term\">collage<\/a>","<a href=\"https:\/\/ateliersdemenilmontant.org\/?activites=ecritures\" class=\"advgb-post-tax-term\">\u00e9critures<\/a>","<a href=\"https:\/\/ateliersdemenilmontant.org\/?activites=livres-dartistes\" class=\"advgb-post-tax-term\">livres d&#039;artistes<\/a>"],"unlinked":["<span class=\"advgb-post-tax-term\">artiste peintre<\/span>","<span class=\"advgb-post-tax-term\">collage<\/span>","<span class=\"advgb-post-tax-term\">\u00e9critures<\/span>","<span class=\"advgb-post-tax-term\">livres d&#039;artistes<\/span>"],"slug":"activites","name":"activites"}},"series_order":"","_links":{"self":[{"href":"https:\/\/ateliersdemenilmontant.org\/index.php?rest_route=\/wp\/v2\/artiste\/9105"}],"collection":[{"href":"https:\/\/ateliersdemenilmontant.org\/index.php?rest_route=\/wp\/v2\/artiste"}],"about":[{"href":"https:\/\/ateliersdemenilmontant.org\/index.php?rest_route=\/wp\/v2\/types\/artiste"}],"author":[{"embeddable":true,"href":"https:\/\/ateliersdemenilmontant.org\/index.php?rest_route=\/wp\/v2\/users\/277"}],"wp:featuredmedia":[{"embeddable":true,"href":"https:\/\/ateliersdemenilmontant.org\/index.php?rest_route=\/wp\/v2\/media\/9116"}],"wp:attachment":[{"href":"https:\/\/ateliersdemenilmontant.org\/index.php?rest_route=%2Fwp%2Fv2%2Fmedia&parent=9105"}],"wp:term":[{"taxonomy":"activites","embeddable":true,"href":"https:\/\/ateliersdemenilmontant.org\/index.php?rest_route=%2Fwp%2Fv2%2Factivites&post=9105"}],"curies":[{"name":"wp","href":"https:\/\/api.w.org\/{rel}","templated":true}]}}

Publié 1 an il y a

Mis à jour 1 an il y a

Publié le 15 mars 2025

Mise à jour le 15 mars 2025

Publié le 15 mars 2025 13 h 15 min

Mise à jour le 15 mars 2025 13 h 49 min

<a href="https://ateliersdemenilmontant.org/?activites=ecritures" class="advgb-post-tax-term">écritures</a>

<span class="advgb-post-tax-term">écritures</span>
