{"id":8998,"date":"2025-02-16T19:56:53","date_gmt":"2025-02-16T18:56:53","guid":{"rendered":"https:\/\/ateliersdemenilmontant.org\/?post_type=artiste&#038;p=8998"},"modified":"2025-02-16T19:56:57","modified_gmt":"2025-02-16T18:56:57","slug":"mila-l-i","status":"publish","type":"artiste","link":"https:\/\/ateliersdemenilmontant.org\/?artiste=mila-l-i","title":{"rendered":"Mila L.I."},"content":{"rendered":"","protected":false},"excerpt":{"rendered":"","protected":false},"author":275,"featured_media":9000,"parent":0,"template":"","meta":{"advgb_blocks_editor_width":"","advgb_blocks_columns_visual_guide":""},"activites":[452,383,542,535,218,484,335,216],"acf":[],"featured_img":"https:\/\/ateliersdemenilmontant.org\/WP\/wp-content\/uploads\/2025\/02\/image0-2-scaled.jpeg","coauthors":[],"author_meta":{"author_link":"https:\/\/ateliersdemenilmontant.org\/?author=275","display_name":"Ludmila IVANOVA"},"relative_dates":{"created":"Publi\u00e9 1 an il y a","modified":"Mis \u00e0 jour 1 an il y a"},"absolute_dates":{"created":"Publi\u00e9 le 16 f\u00e9vrier 2025","modified":"Mise \u00e0 jour le 16 f\u00e9vrier 2025"},"absolute_dates_time":{"created":"Publi\u00e9 le 16 f\u00e9vrier 2025 19 h 56 min","modified":"Mise \u00e0 jour le 16 f\u00e9vrier 2025 19 h 56 min"},"featured_img_caption":"","tax_additional":{"activites":{"linked":["<a href=\"https:\/\/ateliersdemenilmontant.org\/?activites=acrylique\" class=\"advgb-post-tax-term\">acrylique<\/a>","<a href=\"https:\/\/ateliersdemenilmontant.org\/?activites=aquarelle\" class=\"advgb-post-tax-term\">aquarelle<\/a>","<a href=\"https:\/\/ateliersdemenilmontant.org\/?activites=collage\" class=\"advgb-post-tax-term\">collage<\/a>","<a href=\"https:\/\/ateliersdemenilmontant.org\/?activites=danse\" class=\"advgb-post-tax-term\">danse<\/a>","<a href=\"https:\/\/ateliersdemenilmontant.org\/?activites=dessin\" class=\"advgb-post-tax-term\">dessin<\/a>","<a href=\"https:\/\/ateliersdemenilmontant.org\/?activites=huile\" class=\"advgb-post-tax-term\">HUILE<\/a>","<a href=\"https:\/\/ateliersdemenilmontant.org\/?activites=illustration\" class=\"advgb-post-tax-term\">illustration<\/a>","<a href=\"https:\/\/ateliersdemenilmontant.org\/?activites=peinture\" class=\"advgb-post-tax-term\">peinture<\/a>"],"unlinked":["<span class=\"advgb-post-tax-term\">acrylique<\/span>","<span class=\"advgb-post-tax-term\">aquarelle<\/span>","<span class=\"advgb-post-tax-term\">collage<\/span>","<span class=\"advgb-post-tax-term\">danse<\/span>","<span class=\"advgb-post-tax-term\">dessin<\/span>","<span class=\"advgb-post-tax-term\">HUILE<\/span>","<span class=\"advgb-post-tax-term\">illustration<\/span>","<span class=\"advgb-post-tax-term\">peinture<\/span>"],"slug":"activites","name":"activites"}},"series_order":"","_links":{"self":[{"href":"https:\/\/ateliersdemenilmontant.org\/index.php?rest_route=\/wp\/v2\/artiste\/8998"}],"collection":[{"href":"https:\/\/ateliersdemenilmontant.org\/index.php?rest_route=\/wp\/v2\/artiste"}],"about":[{"href":"https:\/\/ateliersdemenilmontant.org\/index.php?rest_route=\/wp\/v2\/types\/artiste"}],"author":[{"embeddable":true,"href":"https:\/\/ateliersdemenilmontant.org\/index.php?rest_route=\/wp\/v2\/users\/275"}],"wp:featuredmedia":[{"embeddable":true,"href":"https:\/\/ateliersdemenilmontant.org\/index.php?rest_route=\/wp\/v2\/media\/9000"}],"wp:attachment":[{"href":"https:\/\/ateliersdemenilmontant.org\/index.php?rest_route=%2Fwp%2Fv2%2Fmedia&parent=8998"}],"wp:term":[{"taxonomy":"activites","embeddable":true,"href":"https:\/\/ateliersdemenilmontant.org\/index.php?rest_route=%2Fwp%2Fv2%2Factivites&post=8998"}],"curies":[{"name":"wp","href":"https:\/\/api.w.org\/{rel}","templated":true}]}}

Publié 1 an il y a

Mis à jour 1 an il y a

Publié le 16 février 2025

Mise à jour le 16 février 2025

Publié le 16 février 2025 19 h 56 min

Mise à jour le 16 février 2025 19 h 56 min
