{"id":6608,"date":"2021-06-02T22:10:12","date_gmt":"2021-06-02T20:10:12","guid":{"rendered":"https:\/\/ateliersdemenilmontant.org\/?artiste=demaret-pranville"},"modified":"2021-06-02T23:00:11","modified_gmt":"2021-06-02T21:00:11","slug":"demaret-pranville","status":"publish","type":"artiste","link":"https:\/\/ateliersdemenilmontant.org\/?artiste=demaret-pranville","title":{"rendered":"DEMARET-PRANVILLE"},"content":{"rendered":"","protected":false},"excerpt":{"rendered":"","protected":false},"author":248,"featured_media":6621,"parent":0,"template":"","meta":{"advgb_blocks_editor_width":"","advgb_blocks_columns_visual_guide":""},"activites":[452,218,216,301],"acf":[],"featured_img":"https:\/\/ateliersdemenilmontant.org\/WP\/wp-content\/uploads\/2021\/06\/2019_Rhizomes_feutre-et-acrylique-sur-toile_3-fois-30-X-30-cm_1.jpg","coauthors":[],"author_meta":{"author_link":"https:\/\/ateliersdemenilmontant.org\/?author=248","display_name":"Denise DEMARET-PRANVILLE"},"relative_dates":{"created":"Publi\u00e9 5 ans il y a","modified":"Mis \u00e0 jour 5 ans il y a"},"absolute_dates":{"created":"Publi\u00e9 le 2 juin 2021","modified":"Mise \u00e0 jour le 2 juin 2021"},"absolute_dates_time":{"created":"Publi\u00e9 le 2 juin 2021 22 h 10 min","modified":"Mise \u00e0 jour le 2 juin 2021 23 h 00 min"},"featured_img_caption":"","tax_additional":{"activites":{"linked":["<a href=\"https:\/\/ateliersdemenilmontant.org\/?activites=acrylique\" class=\"advgb-post-tax-term\">acrylique<\/a>","<a href=\"https:\/\/ateliersdemenilmontant.org\/?activites=dessin\" class=\"advgb-post-tax-term\">dessin<\/a>","<a href=\"https:\/\/ateliersdemenilmontant.org\/?activites=peinture\" class=\"advgb-post-tax-term\">peinture<\/a>","<a href=\"https:\/\/ateliersdemenilmontant.org\/?activites=photomontage\" class=\"advgb-post-tax-term\">photomontage<\/a>"],"unlinked":["<span class=\"advgb-post-tax-term\">acrylique<\/span>","<span class=\"advgb-post-tax-term\">dessin<\/span>","<span class=\"advgb-post-tax-term\">peinture<\/span>","<span class=\"advgb-post-tax-term\">photomontage<\/span>"],"slug":"activites","name":"activites"}},"series_order":"","_links":{"self":[{"href":"https:\/\/ateliersdemenilmontant.org\/index.php?rest_route=\/wp\/v2\/artiste\/6608"}],"collection":[{"href":"https:\/\/ateliersdemenilmontant.org\/index.php?rest_route=\/wp\/v2\/artiste"}],"about":[{"href":"https:\/\/ateliersdemenilmontant.org\/index.php?rest_route=\/wp\/v2\/types\/artiste"}],"author":[{"embeddable":true,"href":"https:\/\/ateliersdemenilmontant.org\/index.php?rest_route=\/wp\/v2\/users\/248"}],"wp:featuredmedia":[{"embeddable":true,"href":"https:\/\/ateliersdemenilmontant.org\/index.php?rest_route=\/wp\/v2\/media\/6621"}],"wp:attachment":[{"href":"https:\/\/ateliersdemenilmontant.org\/index.php?rest_route=%2Fwp%2Fv2%2Fmedia&parent=6608"}],"wp:term":[{"taxonomy":"activites","embeddable":true,"href":"https:\/\/ateliersdemenilmontant.org\/index.php?rest_route=%2Fwp%2Fv2%2Factivites&post=6608"}],"curies":[{"name":"wp","href":"https:\/\/api.w.org\/{rel}","templated":true}]}}

Publié 5 ans il y a

Mis à jour 5 ans il y a

Publié le 2 juin 2021

Mise à jour le 2 juin 2021

Publié le 2 juin 2021 22 h 10 min

Mise à jour le 2 juin 2021 23 h 00 min
