{"id":5855,"date":"2020-07-22T07:35:15","date_gmt":"2020-07-22T05:35:15","guid":{"rendered":"https:\/\/ateliersdemenilmontant.org\/?artiste=wetzel"},"modified":"2024-04-16T19:57:25","modified_gmt":"2024-04-16T17:57:25","slug":"wetzel","status":"publish","type":"artiste","link":"https:\/\/ateliersdemenilmontant.org\/?artiste=wetzel","title":{"rendered":"Wetzel"},"content":{"rendered":"","protected":false},"excerpt":{"rendered":"","protected":false},"author":227,"featured_media":5883,"parent":0,"template":"","meta":{"advgb_blocks_editor_width":"","advgb_blocks_columns_visual_guide":""},"activites":[284,516,479,219],"acf":[],"featured_img":"https:\/\/ateliersdemenilmontant.org\/WP\/wp-content\/uploads\/2020\/07\/Trou-noir_4086p.jpg","coauthors":[],"author_meta":{"author_link":"https:\/\/ateliersdemenilmontant.org\/?author=227","display_name":"Florence Wetzel"},"relative_dates":{"created":"Publi\u00e9 6 ans il y a","modified":"Mis \u00e0 jour 2 ans il y a"},"absolute_dates":{"created":"Publi\u00e9 le 22 juillet 2020","modified":"Mise \u00e0 jour le 16 avril 2024"},"absolute_dates_time":{"created":"Publi\u00e9 le 22 juillet 2020 7 h 35 min","modified":"Mise \u00e0 jour le 16 avril 2024 19 h 57 min"},"featured_img_caption":"","tax_additional":{"activites":{"linked":["<a href=\"https:\/\/ateliersdemenilmontant.org\/?activites=design\" class=\"advgb-post-tax-term\">Design<\/a>","<a href=\"https:\/\/ateliersdemenilmontant.org\/?activites=graphisme\" class=\"advgb-post-tax-term\">graphisme<\/a>","<a href=\"https:\/\/ateliersdemenilmontant.org\/?activites=livres-dartistes\" class=\"advgb-post-tax-term\">livres d&#039;artistes<\/a>","<a href=\"https:\/\/ateliersdemenilmontant.org\/?activites=photographie\" class=\"advgb-post-tax-term\">photographie<\/a>"],"unlinked":["<span class=\"advgb-post-tax-term\">Design<\/span>","<span class=\"advgb-post-tax-term\">graphisme<\/span>","<span class=\"advgb-post-tax-term\">livres d&#039;artistes<\/span>","<span class=\"advgb-post-tax-term\">photographie<\/span>"],"slug":"activites","name":"activites"}},"series_order":"","_links":{"self":[{"href":"https:\/\/ateliersdemenilmontant.org\/index.php?rest_route=\/wp\/v2\/artiste\/5855"}],"collection":[{"href":"https:\/\/ateliersdemenilmontant.org\/index.php?rest_route=\/wp\/v2\/artiste"}],"about":[{"href":"https:\/\/ateliersdemenilmontant.org\/index.php?rest_route=\/wp\/v2\/types\/artiste"}],"author":[{"embeddable":true,"href":"https:\/\/ateliersdemenilmontant.org\/index.php?rest_route=\/wp\/v2\/users\/227"}],"wp:featuredmedia":[{"embeddable":true,"href":"https:\/\/ateliersdemenilmontant.org\/index.php?rest_route=\/wp\/v2\/media\/5883"}],"wp:attachment":[{"href":"https:\/\/ateliersdemenilmontant.org\/index.php?rest_route=%2Fwp%2Fv2%2Fmedia&parent=5855"}],"wp:term":[{"taxonomy":"activites","embeddable":true,"href":"https:\/\/ateliersdemenilmontant.org\/index.php?rest_route=%2Fwp%2Fv2%2Factivites&post=5855"}],"curies":[{"name":"wp","href":"https:\/\/api.w.org\/{rel}","templated":true}]}}

Publié 6 ans il y a

Mis à jour 2 ans il y a

Publié le 22 juillet 2020

Mise à jour le 16 avril 2024

Publié le 22 juillet 2020 7 h 35 min

Mise à jour le 16 avril 2024 19 h 57 min
