{"id":5616,"date":"2020-01-15T16:19:14","date_gmt":"2020-01-15T15:19:14","guid":{"rendered":"https:\/\/ateliersdemenilmontant.org\/?artiste=amoros-2"},"modified":"2024-07-23T16:23:41","modified_gmt":"2024-07-23T14:23:41","slug":"amoros-2","status":"publish","type":"artiste","link":"https:\/\/ateliersdemenilmontant.org\/?artiste=amoros-2","title":{"rendered":"amoros"},"content":{"rendered":"","protected":false},"excerpt":{"rendered":"","protected":false},"author":220,"featured_media":8259,"parent":0,"template":"","meta":{"advgb_blocks_editor_width":"","advgb_blocks_columns_visual_guide":""},"activites":[452,542,340,472,484,335,216,554],"acf":[],"featured_img":"https:\/\/ateliersdemenilmontant.org\/WP\/wp-content\/uploads\/2020\/01\/Axone-9-vignet-1.jpg","coauthors":[],"author_meta":{"author_link":"https:\/\/ateliersdemenilmontant.org\/?author=220","display_name":"Myriam Amoros"},"relative_dates":{"created":"Publi\u00e9 6 ans il y a","modified":"Mis \u00e0 jour 2 ans il y a"},"absolute_dates":{"created":"Publi\u00e9 le 15 janvier 2020","modified":"Mise \u00e0 jour le 23 juillet 2024"},"absolute_dates_time":{"created":"Publi\u00e9 le 15 janvier 2020 16 h 19 min","modified":"Mise \u00e0 jour le 23 juillet 2024 16 h 23 min"},"featured_img_caption":"","tax_additional":{"activites":{"linked":["<a href=\"https:\/\/ateliersdemenilmontant.org\/?activites=acrylique\" class=\"advgb-post-tax-term\">acrylique<\/a>","<a href=\"https:\/\/ateliersdemenilmontant.org\/?activites=collage\" class=\"advgb-post-tax-term\">collage<\/a>","<a href=\"https:\/\/ateliersdemenilmontant.org\/?activites=ecriture\" class=\"advgb-post-tax-term\">Ecriture<\/a>","<a href=\"https:\/\/ateliersdemenilmontant.org\/?activites=encres\" class=\"advgb-post-tax-term\">Encres<\/a>","<a href=\"https:\/\/ateliersdemenilmontant.org\/?activites=huile\" class=\"advgb-post-tax-term\">HUILE<\/a>","<a href=\"https:\/\/ateliersdemenilmontant.org\/?activites=illustration\" class=\"advgb-post-tax-term\">illustration<\/a>","<a href=\"https:\/\/ateliersdemenilmontant.org\/?activites=peinture\" class=\"advgb-post-tax-term\">peinture<\/a>","<a href=\"https:\/\/ateliersdemenilmontant.org\/?activites=poesie\" class=\"advgb-post-tax-term\">po\u00e9sie<\/a>"],"unlinked":["<span class=\"advgb-post-tax-term\">acrylique<\/span>","<span class=\"advgb-post-tax-term\">collage<\/span>","<span class=\"advgb-post-tax-term\">Ecriture<\/span>","<span class=\"advgb-post-tax-term\">Encres<\/span>","<span class=\"advgb-post-tax-term\">HUILE<\/span>","<span class=\"advgb-post-tax-term\">illustration<\/span>","<span class=\"advgb-post-tax-term\">peinture<\/span>","<span class=\"advgb-post-tax-term\">po\u00e9sie<\/span>"],"slug":"activites","name":"activites"}},"series_order":"","_links":{"self":[{"href":"https:\/\/ateliersdemenilmontant.org\/index.php?rest_route=\/wp\/v2\/artiste\/5616"}],"collection":[{"href":"https:\/\/ateliersdemenilmontant.org\/index.php?rest_route=\/wp\/v2\/artiste"}],"about":[{"href":"https:\/\/ateliersdemenilmontant.org\/index.php?rest_route=\/wp\/v2\/types\/artiste"}],"author":[{"embeddable":true,"href":"https:\/\/ateliersdemenilmontant.org\/index.php?rest_route=\/wp\/v2\/users\/220"}],"wp:featuredmedia":[{"embeddable":true,"href":"https:\/\/ateliersdemenilmontant.org\/index.php?rest_route=\/wp\/v2\/media\/8259"}],"wp:attachment":[{"href":"https:\/\/ateliersdemenilmontant.org\/index.php?rest_route=%2Fwp%2Fv2%2Fmedia&parent=5616"}],"wp:term":[{"taxonomy":"activites","embeddable":true,"href":"https:\/\/ateliersdemenilmontant.org\/index.php?rest_route=%2Fwp%2Fv2%2Factivites&post=5616"}],"curies":[{"name":"wp","href":"https:\/\/api.w.org\/{rel}","templated":true}]}}

Publié 6 ans il y a

Mis à jour 2 ans il y a

Publié le 15 janvier 2020

Mise à jour le 23 juillet 2024

Publié le 15 janvier 2020 16 h 19 min

Mise à jour le 23 juillet 2024 16 h 23 min

<a href="https://ateliersdemenilmontant.org/?activites=poesie" class="advgb-post-tax-term">poésie</a>

<span class="advgb-post-tax-term">poésie</span>
