{"id":5114,"date":"2019-09-23T11:25:23","date_gmt":"2019-09-23T09:25:23","guid":{"rendered":"https:\/\/ateliersdemenilmontant.org\/?post_type=artiste&#038;p=5114"},"modified":"2019-09-23T22:57:01","modified_gmt":"2019-09-23T20:57:01","slug":"hamel-blanchard","status":"publish","type":"artiste","link":"https:\/\/ateliersdemenilmontant.org\/?artiste=hamel-blanchard","title":{"rendered":"Hamel Blanchard"},"content":{"rendered":"","protected":false},"excerpt":{"rendered":"","protected":false},"author":20,"featured_media":5125,"parent":0,"template":"","meta":{"advgb_blocks_editor_width":"","advgb_blocks_columns_visual_guide":""},"activites":[219],"acf":[],"featured_img":"https:\/\/ateliersdemenilmontant.org\/WP\/wp-content\/uploads\/2019\/09\/30-x-30_P1140153BD.jpg","coauthors":[],"author_meta":{"author_link":"https:\/\/ateliersdemenilmontant.org\/?author=20","display_name":"Nathalie Hamel"},"relative_dates":{"created":"Publi\u00e9 7 ans il y a","modified":"Mis \u00e0 jour 7 ans il y a"},"absolute_dates":{"created":"Publi\u00e9 le 23 septembre 2019","modified":"Mise \u00e0 jour le 23 septembre 2019"},"absolute_dates_time":{"created":"Publi\u00e9 le 23 septembre 2019 11 h 25 min","modified":"Mise \u00e0 jour le 23 septembre 2019 22 h 57 min"},"featured_img_caption":"","tax_additional":{"activites":{"linked":["<a href=\"https:\/\/ateliersdemenilmontant.org\/?activites=photographie\" class=\"advgb-post-tax-term\">photographie<\/a>"],"unlinked":["<span class=\"advgb-post-tax-term\">photographie<\/span>"],"slug":"activites","name":"activites"}},"series_order":"","_links":{"self":[{"href":"https:\/\/ateliersdemenilmontant.org\/index.php?rest_route=\/wp\/v2\/artiste\/5114"}],"collection":[{"href":"https:\/\/ateliersdemenilmontant.org\/index.php?rest_route=\/wp\/v2\/artiste"}],"about":[{"href":"https:\/\/ateliersdemenilmontant.org\/index.php?rest_route=\/wp\/v2\/types\/artiste"}],"author":[{"embeddable":true,"href":"https:\/\/ateliersdemenilmontant.org\/index.php?rest_route=\/wp\/v2\/users\/20"}],"wp:featuredmedia":[{"embeddable":true,"href":"https:\/\/ateliersdemenilmontant.org\/index.php?rest_route=\/wp\/v2\/media\/5125"}],"wp:attachment":[{"href":"https:\/\/ateliersdemenilmontant.org\/index.php?rest_route=%2Fwp%2Fv2%2Fmedia&parent=5114"}],"wp:term":[{"taxonomy":"activites","embeddable":true,"href":"https:\/\/ateliersdemenilmontant.org\/index.php?rest_route=%2Fwp%2Fv2%2Factivites&post=5114"}],"curies":[{"name":"wp","href":"https:\/\/api.w.org\/{rel}","templated":true}]}}

Publié 7 ans il y a

Mis à jour 7 ans il y a

Publié le 23 septembre 2019

Mise à jour le 23 septembre 2019

Publié le 23 septembre 2019 11 h 25 min

Mise à jour le 23 septembre 2019 22 h 57 min
