{"id":4862,"date":"2019-09-19T17:59:00","date_gmt":"2019-09-19T15:59:00","guid":{"rendered":"https:\/\/ateliersdemenilmontant.org\/artiste\/massot\/"},"modified":"2019-09-24T10:57:28","modified_gmt":"2019-09-24T08:57:28","slug":"massot","status":"publish","type":"artiste","link":"https:\/\/ateliersdemenilmontant.org\/?artiste=massot","title":{"rendered":"massot"},"content":{"rendered":"","protected":false},"excerpt":{"rendered":"","protected":false},"author":211,"featured_media":5168,"parent":0,"template":"","meta":{"advgb_blocks_editor_width":"","advgb_blocks_columns_visual_guide":""},"activites":[383,221,335,388,216,219],"acf":[],"featured_img":"https:\/\/ateliersdemenilmontant.org\/WP\/wp-content\/uploads\/2019\/09\/Randa-Massot-Titre.jpeg","coauthors":[],"author_meta":{"author_link":"https:\/\/ateliersdemenilmontant.org\/?author=211","display_name":"Randa Massot"},"relative_dates":{"created":"Publi\u00e9 7 ans il y a","modified":"Mis \u00e0 jour 7 ans il y a"},"absolute_dates":{"created":"Publi\u00e9 le 19 septembre 2019","modified":"Mise \u00e0 jour le 24 septembre 2019"},"absolute_dates_time":{"created":"Publi\u00e9 le 19 septembre 2019 17 h 59 min","modified":"Mise \u00e0 jour le 24 septembre 2019 10 h 57 min"},"featured_img_caption":"","tax_additional":{"activites":{"linked":["<a href=\"https:\/\/ateliersdemenilmontant.org\/?activites=aquarelle\" class=\"advgb-post-tax-term\">aquarelle<\/a>","<a href=\"https:\/\/ateliersdemenilmontant.org\/?activites=gravure\" class=\"advgb-post-tax-term\">gravure<\/a>","<a href=\"https:\/\/ateliersdemenilmontant.org\/?activites=illustration\" class=\"advgb-post-tax-term\">illustration<\/a>","<a href=\"https:\/\/ateliersdemenilmontant.org\/?activites=monotype\" class=\"advgb-post-tax-term\">monotype<\/a>","<a href=\"https:\/\/ateliersdemenilmontant.org\/?activites=peinture\" class=\"advgb-post-tax-term\">peinture<\/a>","<a href=\"https:\/\/ateliersdemenilmontant.org\/?activites=photographie\" class=\"advgb-post-tax-term\">photographie<\/a>"],"unlinked":["<span class=\"advgb-post-tax-term\">aquarelle<\/span>","<span class=\"advgb-post-tax-term\">gravure<\/span>","<span class=\"advgb-post-tax-term\">illustration<\/span>","<span class=\"advgb-post-tax-term\">monotype<\/span>","<span class=\"advgb-post-tax-term\">peinture<\/span>","<span class=\"advgb-post-tax-term\">photographie<\/span>"],"slug":"activites","name":"activites"}},"series_order":"","_links":{"self":[{"href":"https:\/\/ateliersdemenilmontant.org\/index.php?rest_route=\/wp\/v2\/artiste\/4862"}],"collection":[{"href":"https:\/\/ateliersdemenilmontant.org\/index.php?rest_route=\/wp\/v2\/artiste"}],"about":[{"href":"https:\/\/ateliersdemenilmontant.org\/index.php?rest_route=\/wp\/v2\/types\/artiste"}],"author":[{"embeddable":true,"href":"https:\/\/ateliersdemenilmontant.org\/index.php?rest_route=\/wp\/v2\/users\/211"}],"wp:featuredmedia":[{"embeddable":true,"href":"https:\/\/ateliersdemenilmontant.org\/index.php?rest_route=\/wp\/v2\/media\/5168"}],"wp:attachment":[{"href":"https:\/\/ateliersdemenilmontant.org\/index.php?rest_route=%2Fwp%2Fv2%2Fmedia&parent=4862"}],"wp:term":[{"taxonomy":"activites","embeddable":true,"href":"https:\/\/ateliersdemenilmontant.org\/index.php?rest_route=%2Fwp%2Fv2%2Factivites&post=4862"}],"curies":[{"name":"wp","href":"https:\/\/api.w.org\/{rel}","templated":true}]}}

Publié 7 ans il y a

Mis à jour 7 ans il y a

Publié le 19 septembre 2019

Mise à jour le 24 septembre 2019

Publié le 19 septembre 2019 17 h 59 min

Mise à jour le 24 septembre 2019 10 h 57 min
