{"id":4644,"date":"2019-09-14T15:09:56","date_gmt":"2019-09-14T13:09:56","guid":{"rendered":"https:\/\/ateliersdemenilmontant.org\/?artiste=geffard"},"modified":"2020-09-12T10:51:18","modified_gmt":"2020-09-12T08:51:18","slug":"geffard","status":"publish","type":"artiste","link":"https:\/\/ateliersdemenilmontant.org\/?artiste=geffard","title":{"rendered":"geffard"},"content":{"rendered":"","protected":false},"excerpt":{"rendered":"","protected":false},"author":206,"featured_media":4910,"parent":0,"template":"","meta":{"advgb_blocks_editor_width":"","advgb_blocks_columns_visual_guide":""},"activites":[383],"acf":[],"featured_img":"https:\/\/ateliersdemenilmontant.org\/WP\/wp-content\/uploads\/2019\/09\/Capture-d\u2019\u00e9cran-2019-09-21-\u00e0-16.33.07.png","coauthors":[],"author_meta":{"author_link":"https:\/\/ateliersdemenilmontant.org\/?author=206","display_name":"Olivier Geffard"},"relative_dates":{"created":"Publi\u00e9 7 ans il y a","modified":"Mis \u00e0 jour 6 ans il y a"},"absolute_dates":{"created":"Publi\u00e9 le 14 septembre 2019","modified":"Mise \u00e0 jour le 12 septembre 2020"},"absolute_dates_time":{"created":"Publi\u00e9 le 14 septembre 2019 15 h 09 min","modified":"Mise \u00e0 jour le 12 septembre 2020 10 h 51 min"},"featured_img_caption":"","tax_additional":{"activites":{"linked":["<a href=\"https:\/\/ateliersdemenilmontant.org\/?activites=aquarelle\" class=\"advgb-post-tax-term\">aquarelle<\/a>"],"unlinked":["<span class=\"advgb-post-tax-term\">aquarelle<\/span>"],"slug":"activites","name":"activites"}},"series_order":"","_links":{"self":[{"href":"https:\/\/ateliersdemenilmontant.org\/index.php?rest_route=\/wp\/v2\/artiste\/4644"}],"collection":[{"href":"https:\/\/ateliersdemenilmontant.org\/index.php?rest_route=\/wp\/v2\/artiste"}],"about":[{"href":"https:\/\/ateliersdemenilmontant.org\/index.php?rest_route=\/wp\/v2\/types\/artiste"}],"author":[{"embeddable":true,"href":"https:\/\/ateliersdemenilmontant.org\/index.php?rest_route=\/wp\/v2\/users\/206"}],"wp:featuredmedia":[{"embeddable":true,"href":"https:\/\/ateliersdemenilmontant.org\/index.php?rest_route=\/wp\/v2\/media\/4910"}],"wp:attachment":[{"href":"https:\/\/ateliersdemenilmontant.org\/index.php?rest_route=%2Fwp%2Fv2%2Fmedia&parent=4644"}],"wp:term":[{"taxonomy":"activites","embeddable":true,"href":"https:\/\/ateliersdemenilmontant.org\/index.php?rest_route=%2Fwp%2Fv2%2Factivites&post=4644"}],"curies":[{"name":"wp","href":"https:\/\/api.w.org\/{rel}","templated":true}]}}

https://ateliersdemenilmontant.org/WP/wp-content/uploads/2019/09/Capture-d’écran-2019-09-21-à-16.33.07.png

Publié 7 ans il y a

Mis à jour 6 ans il y a

Publié le 14 septembre 2019

Mise à jour le 12 septembre 2020

Publié le 14 septembre 2019 15 h 09 min

Mise à jour le 12 septembre 2020 10 h 51 min
