{"id":3894,"date":"2019-08-29T20:00:20","date_gmt":"2019-08-29T18:00:20","guid":{"rendered":"https:\/\/ateliersdemenilmontant.org\/WP\/?artiste=uddin"},"modified":"2019-09-23T10:37:56","modified_gmt":"2019-09-23T08:37:56","slug":"uddin","status":"publish","type":"artiste","link":"https:\/\/ateliersdemenilmontant.org\/?artiste=uddin","title":{"rendered":"Xecon_Uddin"},"content":{"rendered":"","protected":false},"excerpt":{"rendered":"","protected":false},"author":180,"featured_media":5100,"parent":0,"template":"","meta":{"advgb_blocks_editor_width":"","advgb_blocks_columns_visual_guide":""},"activites":[321,218,412,221,220,388,216,347,217],"acf":[],"featured_img":"https:\/\/ateliersdemenilmontant.org\/WP\/wp-content\/uploads\/2019\/08\/xecon_6.jpg","coauthors":[],"author_meta":{"author_link":"https:\/\/ateliersdemenilmontant.org\/?author=180","display_name":"Xecon Uddin"},"relative_dates":{"created":"Publi\u00e9 7 ans il y a","modified":"Mis \u00e0 jour 7 ans il y a"},"absolute_dates":{"created":"Publi\u00e9 le 29 ao\u00fbt 2019","modified":"Mise \u00e0 jour le 23 septembre 2019"},"absolute_dates_time":{"created":"Publi\u00e9 le 29 ao\u00fbt 2019 20 h 00 min","modified":"Mise \u00e0 jour le 23 septembre 2019 10 h 37 min"},"featured_img_caption":"","tax_additional":{"activites":{"linked":["<a href=\"https:\/\/ateliersdemenilmontant.org\/?activites=artiste-photographe\" class=\"advgb-post-tax-term\">artiste photographe<\/a>","<a href=\"https:\/\/ateliersdemenilmontant.org\/?activites=dessin\" class=\"advgb-post-tax-term\">dessin<\/a>","<a href=\"https:\/\/ateliersdemenilmontant.org\/?activites=estampe\" class=\"advgb-post-tax-term\">estampe<\/a>","<a href=\"https:\/\/ateliersdemenilmontant.org\/?activites=gravure\" class=\"advgb-post-tax-term\">gravure<\/a>","<a href=\"https:\/\/ateliersdemenilmontant.org\/?activites=installation\" class=\"advgb-post-tax-term\">installation<\/a>","<a href=\"https:\/\/ateliersdemenilmontant.org\/?activites=monotype\" class=\"advgb-post-tax-term\">monotype<\/a>","<a href=\"https:\/\/ateliersdemenilmontant.org\/?activites=peinture\" class=\"advgb-post-tax-term\">peinture<\/a>","<a href=\"https:\/\/ateliersdemenilmontant.org\/?activites=photogravure\" class=\"advgb-post-tax-term\">photogravure<\/a>","<a href=\"https:\/\/ateliersdemenilmontant.org\/?activites=sculpture\" class=\"advgb-post-tax-term\">sculpture<\/a>"],"unlinked":["<span class=\"advgb-post-tax-term\">artiste photographe<\/span>","<span class=\"advgb-post-tax-term\">dessin<\/span>","<span class=\"advgb-post-tax-term\">estampe<\/span>","<span class=\"advgb-post-tax-term\">gravure<\/span>","<span class=\"advgb-post-tax-term\">installation<\/span>","<span class=\"advgb-post-tax-term\">monotype<\/span>","<span class=\"advgb-post-tax-term\">peinture<\/span>","<span class=\"advgb-post-tax-term\">photogravure<\/span>","<span class=\"advgb-post-tax-term\">sculpture<\/span>"],"slug":"activites","name":"activites"}},"series_order":"","_links":{"self":[{"href":"https:\/\/ateliersdemenilmontant.org\/index.php?rest_route=\/wp\/v2\/artiste\/3894"}],"collection":[{"href":"https:\/\/ateliersdemenilmontant.org\/index.php?rest_route=\/wp\/v2\/artiste"}],"about":[{"href":"https:\/\/ateliersdemenilmontant.org\/index.php?rest_route=\/wp\/v2\/types\/artiste"}],"author":[{"embeddable":true,"href":"https:\/\/ateliersdemenilmontant.org\/index.php?rest_route=\/wp\/v2\/users\/180"}],"wp:featuredmedia":[{"embeddable":true,"href":"https:\/\/ateliersdemenilmontant.org\/index.php?rest_route=\/wp\/v2\/media\/5100"}],"wp:attachment":[{"href":"https:\/\/ateliersdemenilmontant.org\/index.php?rest_route=%2Fwp%2Fv2%2Fmedia&parent=3894"}],"wp:term":[{"taxonomy":"activites","embeddable":true,"href":"https:\/\/ateliersdemenilmontant.org\/index.php?rest_route=%2Fwp%2Fv2%2Factivites&post=3894"}],"curies":[{"name":"wp","href":"https:\/\/api.w.org\/{rel}","templated":true}]}}

Publié 7 ans il y a

Mis à jour 7 ans il y a

Publié le 29 août 2019

Mise à jour le 23 septembre 2019

Publié le 29 août 2019 20 h 00 min

Mise à jour le 23 septembre 2019 10 h 37 min
