{"id":3884,"date":"2020-08-03T10:00:45","date_gmt":"2020-08-03T08:00:45","guid":{"rendered":"https:\/\/ateliersdemenilmontant.org\/WP\/?artiste=sylvain"},"modified":"2020-08-03T12:53:05","modified_gmt":"2020-08-03T10:53:05","slug":"sylvain","status":"publish","type":"artiste","link":"https:\/\/ateliersdemenilmontant.org\/?artiste=sylvain","title":{"rendered":"sylvain"},"content":{"rendered":"","protected":false},"excerpt":{"rendered":"","protected":false},"author":170,"featured_media":5913,"parent":0,"template":"","meta":{"advgb_blocks_editor_width":"","advgb_blocks_columns_visual_guide":""},"activites":[452,501,520],"acf":[],"featured_img":"https:\/\/ateliersdemenilmontant.org\/WP\/wp-content\/uploads\/2020\/08\/Clair-de-lune-aux-flamboyants-scaled.jpg","coauthors":[],"author_meta":{"author_link":"https:\/\/ateliersdemenilmontant.org\/?author=170","display_name":"Jean-Claude Sylvain"},"relative_dates":{"created":"Publi\u00e9 6 ans il y a","modified":"Mis \u00e0 jour 6 ans il y a"},"absolute_dates":{"created":"Publi\u00e9 le 3 ao\u00fbt 2020","modified":"Mise \u00e0 jour le 3 ao\u00fbt 2020"},"absolute_dates_time":{"created":"Publi\u00e9 le 3 ao\u00fbt 2020 10 h 00 min","modified":"Mise \u00e0 jour le 3 ao\u00fbt 2020 12 h 53 min"},"featured_img_caption":"","tax_additional":{"activites":{"linked":["<a href=\"https:\/\/ateliersdemenilmontant.org\/?activites=acrylique\" class=\"advgb-post-tax-term\">acrylique<\/a>","<a href=\"https:\/\/ateliersdemenilmontant.org\/?activites=art-plastique\" class=\"advgb-post-tax-term\">art plastique<\/a>","<a href=\"https:\/\/ateliersdemenilmontant.org\/?activites=vitrai\" class=\"advgb-post-tax-term\">Vitrai<\/a>"],"unlinked":["<span class=\"advgb-post-tax-term\">acrylique<\/span>","<span class=\"advgb-post-tax-term\">art plastique<\/span>","<span class=\"advgb-post-tax-term\">Vitrai<\/span>"],"slug":"activites","name":"activites"}},"series_order":"","_links":{"self":[{"href":"https:\/\/ateliersdemenilmontant.org\/index.php?rest_route=\/wp\/v2\/artiste\/3884"}],"collection":[{"href":"https:\/\/ateliersdemenilmontant.org\/index.php?rest_route=\/wp\/v2\/artiste"}],"about":[{"href":"https:\/\/ateliersdemenilmontant.org\/index.php?rest_route=\/wp\/v2\/types\/artiste"}],"author":[{"embeddable":true,"href":"https:\/\/ateliersdemenilmontant.org\/index.php?rest_route=\/wp\/v2\/users\/170"}],"wp:featuredmedia":[{"embeddable":true,"href":"https:\/\/ateliersdemenilmontant.org\/index.php?rest_route=\/wp\/v2\/media\/5913"}],"wp:attachment":[{"href":"https:\/\/ateliersdemenilmontant.org\/index.php?rest_route=%2Fwp%2Fv2%2Fmedia&parent=3884"}],"wp:term":[{"taxonomy":"activites","embeddable":true,"href":"https:\/\/ateliersdemenilmontant.org\/index.php?rest_route=%2Fwp%2Fv2%2Factivites&post=3884"}],"curies":[{"name":"wp","href":"https:\/\/api.w.org\/{rel}","templated":true}]}}

Publié 6 ans il y a

Mis à jour 6 ans il y a

Publié le 3 août 2020

Mise à jour le 3 août 2020

Publié le 3 août 2020 10 h 00 min

Mise à jour le 3 août 2020 12 h 53 min
