{"id":3825,"date":"2019-08-29T12:14:51","date_gmt":"2019-08-29T10:14:51","guid":{"rendered":"https:\/\/ateliersdemenilmontant.org\/WP\/?artiste=lourdeau"},"modified":"2020-09-12T10:04:13","modified_gmt":"2020-09-12T08:04:13","slug":"lourdeau","status":"publish","type":"artiste","link":"https:\/\/ateliersdemenilmontant.org\/?artiste=lourdeau","title":{"rendered":"lourdeau"},"content":{"rendered":"","protected":false},"excerpt":{"rendered":"","protected":false},"author":125,"featured_media":4909,"parent":0,"template":"","meta":{"advgb_blocks_editor_width":"","advgb_blocks_columns_visual_guide":""},"activites":[335,216],"acf":[],"featured_img":"https:\/\/ateliersdemenilmontant.org\/WP\/wp-content\/uploads\/2019\/08\/Capture-d\u2019\u00e9cran-2019-09-21-\u00e0-16.09.34-1.png","coauthors":[],"author_meta":{"author_link":"https:\/\/ateliersdemenilmontant.org\/?author=125","display_name":"Jean-Pierre Lourdeau"},"relative_dates":{"created":"Publi\u00e9 7 ans il y a","modified":"Mis \u00e0 jour 6 ans il y a"},"absolute_dates":{"created":"Publi\u00e9 le 29 ao\u00fbt 2019","modified":"Mise \u00e0 jour le 12 septembre 2020"},"absolute_dates_time":{"created":"Publi\u00e9 le 29 ao\u00fbt 2019 12 h 14 min","modified":"Mise \u00e0 jour le 12 septembre 2020 10 h 04 min"},"featured_img_caption":"","tax_additional":{"activites":{"linked":["<a href=\"https:\/\/ateliersdemenilmontant.org\/?activites=illustration\" class=\"advgb-post-tax-term\">illustration<\/a>","<a href=\"https:\/\/ateliersdemenilmontant.org\/?activites=peinture\" class=\"advgb-post-tax-term\">peinture<\/a>"],"unlinked":["<span class=\"advgb-post-tax-term\">illustration<\/span>","<span class=\"advgb-post-tax-term\">peinture<\/span>"],"slug":"activites","name":"activites"}},"series_order":"","_links":{"self":[{"href":"https:\/\/ateliersdemenilmontant.org\/index.php?rest_route=\/wp\/v2\/artiste\/3825"}],"collection":[{"href":"https:\/\/ateliersdemenilmontant.org\/index.php?rest_route=\/wp\/v2\/artiste"}],"about":[{"href":"https:\/\/ateliersdemenilmontant.org\/index.php?rest_route=\/wp\/v2\/types\/artiste"}],"author":[{"embeddable":true,"href":"https:\/\/ateliersdemenilmontant.org\/index.php?rest_route=\/wp\/v2\/users\/125"}],"wp:featuredmedia":[{"embeddable":true,"href":"https:\/\/ateliersdemenilmontant.org\/index.php?rest_route=\/wp\/v2\/media\/4909"}],"wp:attachment":[{"href":"https:\/\/ateliersdemenilmontant.org\/index.php?rest_route=%2Fwp%2Fv2%2Fmedia&parent=3825"}],"wp:term":[{"taxonomy":"activites","embeddable":true,"href":"https:\/\/ateliersdemenilmontant.org\/index.php?rest_route=%2Fwp%2Fv2%2Factivites&post=3825"}],"curies":[{"name":"wp","href":"https:\/\/api.w.org\/{rel}","templated":true}]}}

https://ateliersdemenilmontant.org/WP/wp-content/uploads/2019/08/Capture-d’écran-2019-09-21-à-16.09.34-1.png

Publié 7 ans il y a

Mis à jour 6 ans il y a

Publié le 29 août 2019

Mise à jour le 12 septembre 2020

Publié le 29 août 2019 12 h 14 min

Mise à jour le 12 septembre 2020 10 h 04 min
