{"id":3710,"date":"2019-08-27T12:05:55","date_gmt":"2019-08-27T10:05:55","guid":{"rendered":"https:\/\/ateliersdemenilmontant.org\/WP\/?artiste=courtois"},"modified":"2020-09-12T09:14:05","modified_gmt":"2020-09-12T07:14:05","slug":"courtois","status":"publish","type":"artiste","link":"https:\/\/ateliersdemenilmontant.org\/?artiste=courtois","title":{"rendered":"courtois"},"content":{"rendered":"","protected":false},"excerpt":{"rendered":"","protected":false},"author":65,"featured_media":5005,"parent":0,"template":"","meta":{"advgb_blocks_editor_width":"","advgb_blocks_columns_visual_guide":""},"activites":[335,430],"acf":[],"featured_img":"https:\/\/ateliersdemenilmontant.org\/WP\/wp-content\/uploads\/2019\/08\/20190730_162547b.jpg","coauthors":[],"author_meta":{"author_link":"https:\/\/ateliersdemenilmontant.org\/?author=65","display_name":"Sophie Courtois"},"relative_dates":{"created":"Publi\u00e9 7 ans il y a","modified":"Mis \u00e0 jour 6 ans il y a"},"absolute_dates":{"created":"Publi\u00e9 le 27 ao\u00fbt 2019","modified":"Mise \u00e0 jour le 12 septembre 2020"},"absolute_dates_time":{"created":"Publi\u00e9 le 27 ao\u00fbt 2019 12 h 05 min","modified":"Mise \u00e0 jour le 12 septembre 2020 9 h 14 min"},"featured_img_caption":"","tax_additional":{"activites":{"linked":["<a href=\"https:\/\/ateliersdemenilmontant.org\/?activites=illustration\" class=\"advgb-post-tax-term\">illustration<\/a>","<a href=\"https:\/\/ateliersdemenilmontant.org\/?activites=styliste\" class=\"advgb-post-tax-term\">styliste<\/a>"],"unlinked":["<span class=\"advgb-post-tax-term\">illustration<\/span>","<span class=\"advgb-post-tax-term\">styliste<\/span>"],"slug":"activites","name":"activites"}},"series_order":"","_links":{"self":[{"href":"https:\/\/ateliersdemenilmontant.org\/index.php?rest_route=\/wp\/v2\/artiste\/3710"}],"collection":[{"href":"https:\/\/ateliersdemenilmontant.org\/index.php?rest_route=\/wp\/v2\/artiste"}],"about":[{"href":"https:\/\/ateliersdemenilmontant.org\/index.php?rest_route=\/wp\/v2\/types\/artiste"}],"author":[{"embeddable":true,"href":"https:\/\/ateliersdemenilmontant.org\/index.php?rest_route=\/wp\/v2\/users\/65"}],"wp:featuredmedia":[{"embeddable":true,"href":"https:\/\/ateliersdemenilmontant.org\/index.php?rest_route=\/wp\/v2\/media\/5005"}],"wp:attachment":[{"href":"https:\/\/ateliersdemenilmontant.org\/index.php?rest_route=%2Fwp%2Fv2%2Fmedia&parent=3710"}],"wp:term":[{"taxonomy":"activites","embeddable":true,"href":"https:\/\/ateliersdemenilmontant.org\/index.php?rest_route=%2Fwp%2Fv2%2Factivites&post=3710"}],"curies":[{"name":"wp","href":"https:\/\/api.w.org\/{rel}","templated":true}]}}

Publié 7 ans il y a

Mis à jour 6 ans il y a

Publié le 27 août 2019

Mise à jour le 12 septembre 2020

Publié le 27 août 2019 12 h 05 min

Mise à jour le 12 septembre 2020 9 h 14 min
