{"id":3691,"date":"2019-08-27T11:16:18","date_gmt":"2019-08-27T09:16:18","guid":{"rendered":"https:\/\/ateliersdemenilmontant.org\/WP\/?artiste=boille"},"modified":"2020-09-12T09:06:59","modified_gmt":"2020-09-12T07:06:59","slug":"boille","status":"publish","type":"artiste","link":"https:\/\/ateliersdemenilmontant.org\/?artiste=boille","title":{"rendered":"boille"},"content":{"rendered":"","protected":false},"excerpt":{"rendered":"","protected":false},"author":46,"featured_media":5257,"parent":0,"template":"","meta":{"advgb_blocks_editor_width":"","advgb_blocks_columns_visual_guide":""},"activites":[462],"acf":[],"featured_img":"https:\/\/ateliersdemenilmontant.org\/WP\/wp-content\/uploads\/2019\/08\/thumbnail_IMG_20190831_160407.jpg","coauthors":[],"author_meta":{"author_link":"https:\/\/ateliersdemenilmontant.org\/?author=46","display_name":"Anne Boille"},"relative_dates":{"created":"Publi\u00e9 7 ans il y a","modified":"Mis \u00e0 jour 6 ans il y a"},"absolute_dates":{"created":"Publi\u00e9 le 27 ao\u00fbt 2019","modified":"Mise \u00e0 jour le 12 septembre 2020"},"absolute_dates_time":{"created":"Publi\u00e9 le 27 ao\u00fbt 2019 11 h 16 min","modified":"Mise \u00e0 jour le 12 septembre 2020 9 h 06 min"},"featured_img_caption":"","tax_additional":{"activites":{"linked":["<a href=\"https:\/\/ateliersdemenilmontant.org\/?activites=peintre-sur-plexi\" class=\"advgb-post-tax-term\">peintre sur plexi<\/a>"],"unlinked":["<span class=\"advgb-post-tax-term\">peintre sur plexi<\/span>"],"slug":"activites","name":"activites"}},"series_order":"","_links":{"self":[{"href":"https:\/\/ateliersdemenilmontant.org\/index.php?rest_route=\/wp\/v2\/artiste\/3691"}],"collection":[{"href":"https:\/\/ateliersdemenilmontant.org\/index.php?rest_route=\/wp\/v2\/artiste"}],"about":[{"href":"https:\/\/ateliersdemenilmontant.org\/index.php?rest_route=\/wp\/v2\/types\/artiste"}],"author":[{"embeddable":true,"href":"https:\/\/ateliersdemenilmontant.org\/index.php?rest_route=\/wp\/v2\/users\/46"}],"wp:featuredmedia":[{"embeddable":true,"href":"https:\/\/ateliersdemenilmontant.org\/index.php?rest_route=\/wp\/v2\/media\/5257"}],"wp:attachment":[{"href":"https:\/\/ateliersdemenilmontant.org\/index.php?rest_route=%2Fwp%2Fv2%2Fmedia&parent=3691"}],"wp:term":[{"taxonomy":"activites","embeddable":true,"href":"https:\/\/ateliersdemenilmontant.org\/index.php?rest_route=%2Fwp%2Fv2%2Factivites&post=3691"}],"curies":[{"name":"wp","href":"https:\/\/api.w.org\/{rel}","templated":true}]}}

Publié 7 ans il y a

Mis à jour 6 ans il y a

Publié le 27 août 2019

Mise à jour le 12 septembre 2020

Publié le 27 août 2019 11 h 16 min

Mise à jour le 12 septembre 2020 9 h 06 min
