{"id":3671,"date":"2019-08-27T09:49:31","date_gmt":"2019-08-27T07:49:31","guid":{"rendered":"https:\/\/ateliersdemenilmontant.org\/WP\/?artiste=archenault"},"modified":"2020-09-12T08:48:22","modified_gmt":"2020-09-12T06:48:22","slug":"archenault","status":"publish","type":"artiste","link":"https:\/\/ateliersdemenilmontant.org\/?artiste=archenault","title":{"rendered":"Archenault"},"content":{"rendered":"","protected":false},"excerpt":{"rendered":"","protected":false},"author":26,"featured_media":4952,"parent":0,"template":"","meta":{"advgb_blocks_editor_width":"","advgb_blocks_columns_visual_guide":""},"activites":[383,422,412,221,388,216],"acf":[],"featured_img":"https:\/\/ateliersdemenilmontant.org\/WP\/wp-content\/uploads\/2019\/08\/chaussures-mariage-e1569161144426.jpg","coauthors":[],"author_meta":{"author_link":"https:\/\/ateliersdemenilmontant.org\/?author=26","display_name":"Claire Archenault"},"relative_dates":{"created":"Publi\u00e9 7 ans il y a","modified":"Mis \u00e0 jour 6 ans il y a"},"absolute_dates":{"created":"Publi\u00e9 le 27 ao\u00fbt 2019","modified":"Mise \u00e0 jour le 12 septembre 2020"},"absolute_dates_time":{"created":"Publi\u00e9 le 27 ao\u00fbt 2019 9 h 49 min","modified":"Mise \u00e0 jour le 12 septembre 2020 8 h 48 min"},"featured_img_caption":"gravure taille-douce","tax_additional":{"activites":{"linked":["<a href=\"https:\/\/ateliersdemenilmontant.org\/?activites=aquarelle\" class=\"advgb-post-tax-term\">aquarelle<\/a>","<a href=\"https:\/\/ateliersdemenilmontant.org\/?activites=carnets-de-voyage\" class=\"advgb-post-tax-term\">carnets de voyage<\/a>","<a href=\"https:\/\/ateliersdemenilmontant.org\/?activites=estampe\" class=\"advgb-post-tax-term\">estampe<\/a>","<a href=\"https:\/\/ateliersdemenilmontant.org\/?activites=gravure\" class=\"advgb-post-tax-term\">gravure<\/a>","<a href=\"https:\/\/ateliersdemenilmontant.org\/?activites=monotype\" class=\"advgb-post-tax-term\">monotype<\/a>","<a href=\"https:\/\/ateliersdemenilmontant.org\/?activites=peinture\" class=\"advgb-post-tax-term\">peinture<\/a>"],"unlinked":["<span class=\"advgb-post-tax-term\">aquarelle<\/span>","<span class=\"advgb-post-tax-term\">carnets de voyage<\/span>","<span class=\"advgb-post-tax-term\">estampe<\/span>","<span class=\"advgb-post-tax-term\">gravure<\/span>","<span class=\"advgb-post-tax-term\">monotype<\/span>","<span class=\"advgb-post-tax-term\">peinture<\/span>"],"slug":"activites","name":"activites"}},"series_order":"","_links":{"self":[{"href":"https:\/\/ateliersdemenilmontant.org\/index.php?rest_route=\/wp\/v2\/artiste\/3671"}],"collection":[{"href":"https:\/\/ateliersdemenilmontant.org\/index.php?rest_route=\/wp\/v2\/artiste"}],"about":[{"href":"https:\/\/ateliersdemenilmontant.org\/index.php?rest_route=\/wp\/v2\/types\/artiste"}],"author":[{"embeddable":true,"href":"https:\/\/ateliersdemenilmontant.org\/index.php?rest_route=\/wp\/v2\/users\/26"}],"wp:featuredmedia":[{"embeddable":true,"href":"https:\/\/ateliersdemenilmontant.org\/index.php?rest_route=\/wp\/v2\/media\/4952"}],"wp:attachment":[{"href":"https:\/\/ateliersdemenilmontant.org\/index.php?rest_route=%2Fwp%2Fv2%2Fmedia&parent=3671"}],"wp:term":[{"taxonomy":"activites","embeddable":true,"href":"https:\/\/ateliersdemenilmontant.org\/index.php?rest_route=%2Fwp%2Fv2%2Factivites&post=3671"}],"curies":[{"name":"wp","href":"https:\/\/api.w.org\/{rel}","templated":true}]}}

Publié 7 ans il y a

Mis à jour 6 ans il y a

Publié le 27 août 2019

Mise à jour le 12 septembre 2020

Publié le 27 août 2019 9 h 49 min

Mise à jour le 12 septembre 2020 8 h 48 min
