{"id":3668,"date":"2019-08-27T09:37:19","date_gmt":"2019-08-27T07:37:19","guid":{"rendered":"https:\/\/ateliersdemenilmontant.org\/WP\/?artiste=adamo"},"modified":"2019-09-26T13:59:47","modified_gmt":"2019-09-26T11:59:47","slug":"adamo","status":"publish","type":"artiste","link":"https:\/\/ateliersdemenilmontant.org\/?artiste=adamo","title":{"rendered":"adamo"},"content":{"rendered":"","protected":false},"excerpt":{"rendered":"","protected":false},"author":23,"featured_media":3861,"parent":0,"template":"","meta":{"advgb_blocks_editor_width":"","advgb_blocks_columns_visual_guide":""},"activites":[219],"acf":[],"featured_img":"https:\/\/ateliersdemenilmontant.org\/WP\/wp-content\/uploads\/2019\/08\/SylvieRaffin12.jpg","coauthors":[],"author_meta":{"author_link":"https:\/\/ateliersdemenilmontant.org\/?author=23","display_name":"Sylvie Raffin"},"relative_dates":{"created":"Publi\u00e9 7 ans il y a","modified":"Mis \u00e0 jour 7 ans il y a"},"absolute_dates":{"created":"Publi\u00e9 le 27 ao\u00fbt 2019","modified":"Mise \u00e0 jour le 26 septembre 2019"},"absolute_dates_time":{"created":"Publi\u00e9 le 27 ao\u00fbt 2019 9 h 37 min","modified":"Mise \u00e0 jour le 26 septembre 2019 13 h 59 min"},"featured_img_caption":"","tax_additional":{"activites":{"linked":["<a href=\"https:\/\/ateliersdemenilmontant.org\/?activites=photographie\" class=\"advgb-post-tax-term\">photographie<\/a>"],"unlinked":["<span class=\"advgb-post-tax-term\">photographie<\/span>"],"slug":"activites","name":"activites"}},"series_order":"","_links":{"self":[{"href":"https:\/\/ateliersdemenilmontant.org\/index.php?rest_route=\/wp\/v2\/artiste\/3668"}],"collection":[{"href":"https:\/\/ateliersdemenilmontant.org\/index.php?rest_route=\/wp\/v2\/artiste"}],"about":[{"href":"https:\/\/ateliersdemenilmontant.org\/index.php?rest_route=\/wp\/v2\/types\/artiste"}],"author":[{"embeddable":true,"href":"https:\/\/ateliersdemenilmontant.org\/index.php?rest_route=\/wp\/v2\/users\/23"}],"wp:featuredmedia":[{"embeddable":true,"href":"https:\/\/ateliersdemenilmontant.org\/index.php?rest_route=\/wp\/v2\/media\/3861"}],"wp:attachment":[{"href":"https:\/\/ateliersdemenilmontant.org\/index.php?rest_route=%2Fwp%2Fv2%2Fmedia&parent=3668"}],"wp:term":[{"taxonomy":"activites","embeddable":true,"href":"https:\/\/ateliersdemenilmontant.org\/index.php?rest_route=%2Fwp%2Fv2%2Factivites&post=3668"}],"curies":[{"name":"wp","href":"https:\/\/api.w.org\/{rel}","templated":true}]}}

Publié 7 ans il y a

Mis à jour 7 ans il y a

Publié le 27 août 2019

Mise à jour le 26 septembre 2019

Publié le 27 août 2019 9 h 37 min

Mise à jour le 26 septembre 2019 13 h 59 min
